{"id":10667,"date":"2024-02-04T09:22:46","date_gmt":"2024-02-04T08:22:46","guid":{"rendered":"https:\/\/www.mouthiers-sur-boeme.fr\/?page_id=10667"},"modified":"2024-02-05T19:49:54","modified_gmt":"2024-02-05T18:49:54","slug":"deliberations-2021","status":"publish","type":"page","link":"https:\/\/www.mouthiers-sur-boeme.fr\/?page_id=10667","title":{"rendered":"D\u00e9lib\u00e9rations 2021"},"content":{"rendered":"\n<p><strong>F\u00e9vrier 2021<\/strong><\/p>\n\n\n\n<p><\/p>\n\n\n\n<p><strong>Mars 2021<\/strong><\/p>\n\n\n\n<p><\/p>\n\n\n\n<p><strong>Avril 2021<\/strong><\/p>\n\n\n\n<p><\/p>\n\n\n\n<p><strong>Mai 2021<\/strong><\/p>\n\n\n\n<p><\/p>\n\n\n\n<p><strong>Juin 2021<\/strong><\/p>\n\n\n\n<p><\/p>\n\n\n\n<p><strong>Juillet 2021<\/strong><\/p>\n\n\n\n<p><strong><a href=\"https:\/\/www.mouthiers-sur-boeme.fr\/wp-content\/uploads\/2024\/02\/D_2021_7_4-Redevance-occupation-du-domaine-public-2021.pdf\">D_2021_7_4 Redevance occupation du domaine public 2021<\/a><\/strong><\/p>\n\n\n\n<p><strong>Ao\u00fbt 2021<\/strong><\/p>\n\n\n\n<p><strong>Septembre 2021<\/strong><\/p>\n\n\n\n<p><strong><a href=\"https:\/\/www.mouthiers-sur-boeme.fr\/wp-content\/uploads\/2024\/02\/D_2021_9_2-Transfert-actif-Voirie-par-Grand-Angouleme.pdf\">D_2021_9_2 Transfert actif Voirie par Grand Angoul\u00eame<\/a><\/strong><\/p>\n\n\n\n<p><strong><a href=\"https:\/\/www.mouthiers-sur-boeme.fr\/wp-content\/uploads\/2024\/02\/D_2021_9_7-Avenant-GE16-contrat-Fabien-Petit.pdf\">D_2021_9_7 Avenant GE16 contrat Fabien Petit<\/a><\/strong><\/p>\n\n\n\n<p><strong><a href=\"https:\/\/www.mouthiers-sur-boeme.fr\/wp-content\/uploads\/2024\/02\/D_2021_9_8-Projet-declassement-des-chemins-ruraux-et-lancement-enquete-publique.pdf\">D_2021_9_8 Projet d\u00e9classement des chemins ruraux et lancement enqu\u00eate publique<\/a><\/strong><\/p>\n\n\n\n<p><strong>Octobre 2021<\/strong><\/p>\n\n\n\n<p><strong><a href=\"https:\/\/www.mouthiers-sur-boeme.fr\/wp-content\/uploads\/2024\/02\/D_2021_10_5-Convention-sante-hygiene-et-securite-au-travail.pdf\">D_2021_10_5 Convention sant\u00e9 hygi\u00e8ne et s\u00e9curit\u00e9 au travail<\/a><\/strong><\/p>\n\n\n\n<p><strong>Novembre 2021<\/strong><\/p>\n\n\n\n<p><strong><a href=\"https:\/\/www.mouthiers-sur-boeme.fr\/wp-content\/uploads\/2024\/02\/D_2021_11_1-Declassement-chemin-com-les-grands-bois-B1086-et-les-chaumes-AA114-A2845.pdf\">D_2021_11_1 D\u00e9classement chemin com les grands bois B1086 et les chaumes AA114-A2845<\/a><\/strong><\/p>\n\n\n\n<p><strong>D\u00e9cembre 202<\/strong>1<\/p>\n\n\n\n<p><\/p>\n\n\n\n<p><\/p>\n","protected":false},"excerpt":{"rendered":"<p>F\u00e9vrier 2021 Mars 2021 Avril 2021 Mai 2021 Juin 2021 Juillet 2021 D_2021_7_4 Redevance occupation du domaine public 2021 Ao\u00fbt 2021 Septembre 2021 D_2021_9_2 Transfert actif Voirie par Grand Angoul\u00eame D_2021_9_7 Avenant GE16 contrat Fabien Petit D_2021_9_8 Projet d\u00e9classement des chemins ruraux et lancement enqu\u00eate publique Octobre 2021 D_2021_10_5 Convention sant\u00e9 hygi\u00e8ne et s\u00e9curit\u00e9 au &hellip; <a href=\"https:\/\/www.mouthiers-sur-boeme.fr\/?page_id=10667\" class=\"more-link\">Continuer la lecture de <span class=\"screen-reader-text\">D\u00e9lib\u00e9rations 2021<\/span>  <span class=\"meta-nav\">&rarr;<\/span><\/a><\/p>\n","protected":false},"author":22,"featured_media":0,"parent":0,"menu_order":0,"comment_status":"closed","ping_status":"closed","template":"","meta":[],"_links":{"self":[{"href":"https:\/\/www.mouthiers-sur-boeme.fr\/index.php?rest_route=\/wp\/v2\/pages\/10667"}],"collection":[{"href":"https:\/\/www.mouthiers-sur-boeme.fr\/index.php?rest_route=\/wp\/v2\/pages"}],"about":[{"href":"https:\/\/www.mouthiers-sur-boeme.fr\/index.php?rest_route=\/wp\/v2\/types\/page"}],"author":[{"embeddable":true,"href":"https:\/\/www.mouthiers-sur-boeme.fr\/index.php?rest_route=\/wp\/v2\/users\/22"}],"replies":[{"embeddable":true,"href":"https:\/\/www.mouthiers-sur-boeme.fr\/index.php?rest_route=%2Fwp%2Fv2%2Fcomments&post=10667"}],"version-history":[{"count":7,"href":"https:\/\/www.mouthiers-sur-boeme.fr\/index.php?rest_route=\/wp\/v2\/pages\/10667\/revisions"}],"predecessor-version":[{"id":10750,"href":"https:\/\/www.mouthiers-sur-boeme.fr\/index.php?rest_route=\/wp\/v2\/pages\/10667\/revisions\/10750"}],"wp:attachment":[{"href":"https:\/\/www.mouthiers-sur-boeme.fr\/index.php?rest_route=%2Fwp%2Fv2%2Fmedia&parent=10667"}],"curies":[{"name":"wp","href":"https:\/\/api.w.org\/{rel}","templated":true}]}}

Délibérations 2021

<p><strong>Février 2021</strong></p>



<p></p>



<p><strong>Mars 2021</strong></p>



<p></p>



<p><strong>Avril 2021</strong></p>



<p></p>



<p><strong>Mai 2021</strong></p>



<p></p>



<p><strong>Juin 2021</strong></p>



<p></p>



<p><strong>Juillet 2021</strong></p>



<p><strong><a href="https://www.mouthiers-sur-boeme.fr/wp-content/uploads/2024/02/D_2021_7_4-Redevance-occupation-du-domaine-public-2021.pdf">D_2021_7_4 Redevance occupation du domaine public 2021</a></strong></p>



<p><strong>Août 2021</strong></p>



<p><strong>Septembre 2021</strong></p>



<p><strong><a href="https://www.mouthiers-sur-boeme.fr/wp-content/uploads/2024/02/D_2021_9_2-Transfert-actif-Voirie-par-Grand-Angouleme.pdf">D_2021_9_2 Transfert actif Voirie par Grand Angoulême</a></strong></p>



<p><strong><a href="https://www.mouthiers-sur-boeme.fr/wp-content/uploads/2024/02/D_2021_9_7-Avenant-GE16-contrat-Fabien-Petit.pdf">D_2021_9_7 Avenant GE16 contrat Fabien Petit</a></strong></p>



<p><strong><a href="https://www.mouthiers-sur-boeme.fr/wp-content/uploads/2024/02/D_2021_9_8-Projet-declassement-des-chemins-ruraux-et-lancement-enquete-publique.pdf">D_2021_9_8 Projet déclassement des chemins ruraux et lancement enquête publique</a></strong></p>



<p><strong>Octobre 2021</strong></p>



<p><strong><a href="https://www.mouthiers-sur-boeme.fr/wp-content/uploads/2024/02/D_2021_10_5-Convention-sante-hygiene-et-securite-au-travail.pdf">D_2021_10_5 Convention santé hygiène et sécurité au travail</a></strong></p>



<p><strong>Novembre 2021</strong></p>



<p><strong><a href="https://www.mouthiers-sur-boeme.fr/wp-content/uploads/2024/02/D_2021_11_1-Declassement-chemin-com-les-grands-bois-B1086-et-les-chaumes-AA114-A2845.pdf">D_2021_11_1 Déclassement chemin com les grands bois B1086 et les chaumes AA114-A2845</a></strong></p>



<p><strong>Décembre 202</strong>1</p>



<p></p>



<p></p>

<p>Février 2021 Mars 2021 Avril 2021 Mai 2021 Juin 2021 Juillet 2021 D_2021_7_4 Redevance occupation du domaine public 2021 Août 2021 Septembre 2021 D_2021_9_2 Transfert actif Voirie par Grand Angoulême D_2021_9_7 Avenant GE16 contrat Fabien Petit D_2021_9_8 Projet déclassement des chemins ruraux et lancement enquête publique Octobre 2021 D_2021_10_5 Convention santé hygiène et sécurité au &hellip; <a href="https://www.mouthiers-sur-boeme.fr/?page_id=10667" class="more-link">Continuer la lecture de <span class="screen-reader-text">Délibérations 2021</span>  <span class="meta-nav">&rarr;</span></a></p>
