{"id":11204,"date":"2024-03-24T11:00:45","date_gmt":"2024-03-24T10:00:45","guid":{"rendered":"https:\/\/www.mouthiers-sur-boeme.fr\/?page_id=11204"},"modified":"2024-03-24T11:16:18","modified_gmt":"2024-03-24T10:16:18","slug":"presence-verte-charente","status":"publish","type":"page","link":"https:\/\/www.mouthiers-sur-boeme.fr\/?page_id=11204","title":{"rendered":"Pr\u00e9sence Verte charente"},"content":{"rendered":"\n<p><a href=\"https:\/\/presence-verte-charente.fr\/\" data-type=\"URL\" data-id=\"https:\/\/presence-verte-charente.fr\/\" target=\"_blank\" rel=\"noreferrer noopener\">Pr\u00e9sence Verte Charente <\/a>vous propose pour le service de livraison de repas, une cuisine \u00e9quilibr\u00e9e et savoureuse, avec des menus \u00e9labor\u00e9s par une di\u00e9t\u00e9ticienne.<br>Nous livrons \u00e0 domicile sur tout le territoire de la Charente, nos repas sont pr\u00eats \u00e0 \u00eatre r\u00e9chauff\u00e9s, pour une consommation 7 jours sur 7.<br>Nous vous proposons plusieurs formules dont certaines ont le choix \u00e0 la carte entre 4 entr\u00e9es, 4 plats et garnitures, 4 laitages et 4 desserts ainsi que des menus adapt\u00e9es : pauvre en sel, pauvre en sucre, pauvre en sucre et sel , mix\u00e9, &#8230;<br>Ce sera toujours le\/la m\u00eame livreur(se) qui viendra \u00e0 domicile ce qui favorise ainsi une relation de confiance, ce sont des acteurs essentiels au maintien social. Ils apportent attention, bienveillance et \u00e9coute \u00e0 nos clients.<br><br>Pr\u00e9sence Verte Charente vous propose pour le service de bricolage \/ jardinage des interventions sur tout le d\u00e9partement avec le mat\u00e9riel propre \u00e0 la structure.<br>Nos salari\u00e9s sont en CDI sur cette activit\u00e9, ils sont exp\u00e9riment\u00e9s et dipl\u00f4m\u00e9s.<br>Nous intervenons pour un minimum de deux heures. Le devis est gratuit et personnalis\u00e9.<br><br>Nos services sont accessibles \u00e0 tous, sans distinction d&rsquo;\u00e2ge, que vos besoins soient temporaires ou r\u00e9gulier.<br><\/p>\n\n\n\n<figure class=\"wp-block-image size-large\"><a href=\"https:\/\/www.mouthiers-sur-boeme.fr\/wp-content\/uploads\/2024\/03\/logo-pvc-service-a-la-personne.jpg\"><img loading=\"lazy\" width=\"696\" height=\"368\" src=\"https:\/\/www.mouthiers-sur-boeme.fr\/wp-content\/uploads\/2024\/03\/logo-pvc-service-a-la-personne.jpg\" alt=\"\" class=\"wp-image-11205\" srcset=\"https:\/\/www.mouthiers-sur-boeme.fr\/wp-content\/uploads\/2024\/03\/logo-pvc-service-a-la-personne.jpg 696w, https:\/\/www.mouthiers-sur-boeme.fr\/wp-content\/uploads\/2024\/03\/logo-pvc-service-a-la-personne-300x159.jpg 300w\" sizes=\"(max-width: 696px) 100vw, 696px\" \/><\/a><\/figure>\n","protected":false},"excerpt":{"rendered":"<p>Pr\u00e9sence Verte Charente vous propose pour le service de livraison de repas, une cuisine \u00e9quilibr\u00e9e et savoureuse, avec des menus \u00e9labor\u00e9s par une di\u00e9t\u00e9ticienne.Nous livrons \u00e0 domicile sur tout le territoire de la Charente, nos repas sont pr\u00eats \u00e0 \u00eatre r\u00e9chauff\u00e9s, pour une consommation 7 jours sur 7.Nous vous proposons plusieurs formules dont certaines ont &hellip; <a href=\"https:\/\/www.mouthiers-sur-boeme.fr\/?page_id=11204\" class=\"more-link\">Continuer la lecture de <span class=\"screen-reader-text\">Pr\u00e9sence Verte charente<\/span>  <span class=\"meta-nav\">&rarr;<\/span><\/a><\/p>\n","protected":false},"author":22,"featured_media":0,"parent":1687,"menu_order":1,"comment_status":"closed","ping_status":"closed","template":"","meta":[],"_links":{"self":[{"href":"https:\/\/www.mouthiers-sur-boeme.fr\/index.php?rest_route=\/wp\/v2\/pages\/11204"}],"collection":[{"href":"https:\/\/www.mouthiers-sur-boeme.fr\/index.php?rest_route=\/wp\/v2\/pages"}],"about":[{"href":"https:\/\/www.mouthiers-sur-boeme.fr\/index.php?rest_route=\/wp\/v2\/types\/page"}],"author":[{"embeddable":true,"href":"https:\/\/www.mouthiers-sur-boeme.fr\/index.php?rest_route=\/wp\/v2\/users\/22"}],"replies":[{"embeddable":true,"href":"https:\/\/www.mouthiers-sur-boeme.fr\/index.php?rest_route=%2Fwp%2Fv2%2Fcomments&post=11204"}],"version-history":[{"count":1,"href":"https:\/\/www.mouthiers-sur-boeme.fr\/index.php?rest_route=\/wp\/v2\/pages\/11204\/revisions"}],"predecessor-version":[{"id":11206,"href":"https:\/\/www.mouthiers-sur-boeme.fr\/index.php?rest_route=\/wp\/v2\/pages\/11204\/revisions\/11206"}],"up":[{"embeddable":true,"href":"https:\/\/www.mouthiers-sur-boeme.fr\/index.php?rest_route=\/wp\/v2\/pages\/1687"}],"wp:attachment":[{"href":"https:\/\/www.mouthiers-sur-boeme.fr\/index.php?rest_route=%2Fwp%2Fv2%2Fmedia&parent=11204"}],"curies":[{"name":"wp","href":"https:\/\/api.w.org\/{rel}","templated":true}]}}

Présence Verte charente

<p><a href="https://presence-verte-charente.fr/" data-type="URL" data-id="https://presence-verte-charente.fr/" target="_blank" rel="noreferrer noopener">Présence Verte Charente </a>vous propose pour le service de livraison de repas, une cuisine équilibrée et savoureuse, avec des menus élaborés par une diététicienne.<br>Nous livrons à domicile sur tout le territoire de la Charente, nos repas sont prêts à être réchauffés, pour une consommation 7 jours sur 7.<br>Nous vous proposons plusieurs formules dont certaines ont le choix à la carte entre 4 entrées, 4 plats et garnitures, 4 laitages et 4 desserts ainsi que des menus adaptées : pauvre en sel, pauvre en sucre, pauvre en sucre et sel , mixé, &#8230;<br>Ce sera toujours le/la même livreur(se) qui viendra à domicile ce qui favorise ainsi une relation de confiance, ce sont des acteurs essentiels au maintien social. Ils apportent attention, bienveillance et écoute à nos clients.<br><br>Présence Verte Charente vous propose pour le service de bricolage / jardinage des interventions sur tout le département avec le matériel propre à la structure.<br>Nos salariés sont en CDI sur cette activité, ils sont expérimentés et diplômés.<br>Nous intervenons pour un minimum de deux heures. Le devis est gratuit et personnalisé.<br><br>Nos services sont accessibles à tous, sans distinction d&rsquo;âge, que vos besoins soient temporaires ou régulier.<br></p>



<figure class="wp-block-image size-large"><a href="https://www.mouthiers-sur-boeme.fr/wp-content/uploads/2024/03/logo-pvc-service-a-la-personne.jpg"><img loading="lazy" width="696" height="368" src="https://www.mouthiers-sur-boeme.fr/wp-content/uploads/2024/03/logo-pvc-service-a-la-personne.jpg" alt="" class="wp-image-11205" srcset="https://www.mouthiers-sur-boeme.fr/wp-content/uploads/2024/03/logo-pvc-service-a-la-personne.jpg 696w, https://www.mouthiers-sur-boeme.fr/wp-content/uploads/2024/03/logo-pvc-service-a-la-personne-300x159.jpg 300w" sizes="(max-width: 696px) 100vw, 696px" /></a></figure>

<p>Présence Verte Charente vous propose pour le service de livraison de repas, une cuisine équilibrée et savoureuse, avec des menus élaborés par une diététicienne.Nous livrons à domicile sur tout le territoire de la Charente, nos repas sont prêts à être réchauffés, pour une consommation 7 jours sur 7.Nous vous proposons plusieurs formules dont certaines ont &hellip; <a href="https://www.mouthiers-sur-boeme.fr/?page_id=11204" class="more-link">Continuer la lecture de <span class="screen-reader-text">Présence Verte charente</span>  <span class="meta-nav">&rarr;</span></a></p>
