{"id":11730,"date":"2024-11-04T11:08:17","date_gmt":"2024-11-04T10:08:17","guid":{"rendered":"https:\/\/www.mouthiers-sur-boeme.fr\/?page_id=11730"},"modified":"2026-02-12T09:08:37","modified_gmt":"2026-02-12T08:08:37","slug":"controles-sanitaires-des-eaux","status":"publish","type":"page","link":"https:\/\/www.mouthiers-sur-boeme.fr\/?page_id=11730","title":{"rendered":"AFFICHAGES officiels"},"content":{"rendered":"\n<div class=\"wp-block-file\"><a href=\"https:\/\/www.mouthiers-sur-boeme.fr\/wp-content\/uploads\/2026\/01\/2026_01_12_ARP_Peche_Charente.pdf\">ARR\u00caT\u00c9<br>r\u00e9glementaire permanent relatif \u00e0 l\u2019exercice de la p\u00eache en eau douce<br>dans le d\u00e9partement de la Charente<\/a><a href=\"https:\/\/www.mouthiers-sur-boeme.fr\/wp-content\/uploads\/2026\/01\/2026_01_12_ARP_Peche_Charente.pdf\" class=\"wp-block-file__button\" download>T\u00e9l\u00e9charger<\/a><\/div>\n\n\n\n<div class=\"wp-block-file\"><a href=\"https:\/\/www.mouthiers-sur-boeme.fr\/wp-content\/uploads\/2026\/01\/Avis-Annuel-Peche-1.pdf\">P\u00e9riodes d\u2019ouverture et de fermeture de la p\u00eache<br>dans le d\u00e9partement de la Charente pour l\u2019ann\u00e9e 2026<\/a><a href=\"https:\/\/www.mouthiers-sur-boeme.fr\/wp-content\/uploads\/2026\/01\/Avis-Annuel-Peche-1.pdf\" class=\"wp-block-file__button\" download>T\u00e9l\u00e9charger<\/a><\/div>\n\n\n\n<div class=\"wp-block-file\"><a href=\"https:\/\/www.mouthiers-sur-boeme.fr\/wp-content\/uploads\/2025\/09\/Publicite-AMI-Mouthiers.pdf\">Publicite-AMI-Mouthiers<\/a><a href=\"https:\/\/www.mouthiers-sur-boeme.fr\/wp-content\/uploads\/2025\/09\/Publicite-AMI-Mouthiers.pdf\" class=\"wp-block-file__button\" download>T\u00e9l\u00e9charger<\/a><\/div>\n\n\n\n<div class=\"wp-block-file\"><a href=\"https:\/\/www.mouthiers-sur-boeme.fr\/wp-content\/uploads\/2026\/02\/20260211_vigilance_orange_vent_violent_signe.pdf\">20260211_vigilance_orange_vent_violent_signe<\/a><a href=\"https:\/\/www.mouthiers-sur-boeme.fr\/wp-content\/uploads\/2026\/02\/20260211_vigilance_orange_vent_violent_signe.pdf\" class=\"wp-block-file__button\" download>T\u00e9l\u00e9charger<\/a><\/div>\n","protected":false},"excerpt":{"rendered":"","protected":false},"author":22,"featured_media":0,"parent":0,"menu_order":0,"comment_status":"open","ping_status":"closed","template":"","meta":[],"_links":{"self":[{"href":"https:\/\/www.mouthiers-sur-boeme.fr\/index.php?rest_route=\/wp\/v2\/pages\/11730"}],"collection":[{"href":"https:\/\/www.mouthiers-sur-boeme.fr\/index.php?rest_route=\/wp\/v2\/pages"}],"about":[{"href":"https:\/\/www.mouthiers-sur-boeme.fr\/index.php?rest_route=\/wp\/v2\/types\/page"}],"author":[{"embeddable":true,"href":"https:\/\/www.mouthiers-sur-boeme.fr\/index.php?rest_route=\/wp\/v2\/users\/22"}],"replies":[{"embeddable":true,"href":"https:\/\/www.mouthiers-sur-boeme.fr\/index.php?rest_route=%2Fwp%2Fv2%2Fcomments&post=11730"}],"version-history":[{"count":21,"href":"https:\/\/www.mouthiers-sur-boeme.fr\/index.php?rest_route=\/wp\/v2\/pages\/11730\/revisions"}],"predecessor-version":[{"id":12865,"href":"https:\/\/www.mouthiers-sur-boeme.fr\/index.php?rest_route=\/wp\/v2\/pages\/11730\/revisions\/12865"}],"wp:attachment":[{"href":"https:\/\/www.mouthiers-sur-boeme.fr\/index.php?rest_route=%2Fwp%2Fv2%2Fmedia&parent=11730"}],"curies":[{"name":"wp","href":"https:\/\/api.w.org\/{rel}","templated":true}]}}

<div class="wp-block-file"><a href="https://www.mouthiers-sur-boeme.fr/wp-content/uploads/2026/01/2026_01_12_ARP_Peche_Charente.pdf">ARRÊTÉ<br>réglementaire permanent relatif à l’exercice de la pêche en eau douce<br>dans le département de la Charente</a><a href="https://www.mouthiers-sur-boeme.fr/wp-content/uploads/2026/01/2026_01_12_ARP_Peche_Charente.pdf" class="wp-block-file__button" download>Télécharger</a></div>



<div class="wp-block-file"><a href="https://www.mouthiers-sur-boeme.fr/wp-content/uploads/2026/01/Avis-Annuel-Peche-1.pdf">Périodes d’ouverture et de fermeture de la pêche<br>dans le département de la Charente pour l’année 2026</a><a href="https://www.mouthiers-sur-boeme.fr/wp-content/uploads/2026/01/Avis-Annuel-Peche-1.pdf" class="wp-block-file__button" download>Télécharger</a></div>



<div class="wp-block-file"><a href="https://www.mouthiers-sur-boeme.fr/wp-content/uploads/2025/09/Publicite-AMI-Mouthiers.pdf">Publicite-AMI-Mouthiers</a><a href="https://www.mouthiers-sur-boeme.fr/wp-content/uploads/2025/09/Publicite-AMI-Mouthiers.pdf" class="wp-block-file__button" download>Télécharger</a></div>



<div class="wp-block-file"><a href="https://www.mouthiers-sur-boeme.fr/wp-content/uploads/2026/02/20260211_vigilance_orange_vent_violent_signe.pdf">20260211_vigilance_orange_vent_violent_signe</a><a href="https://www.mouthiers-sur-boeme.fr/wp-content/uploads/2026/02/20260211_vigilance_orange_vent_violent_signe.pdf" class="wp-block-file__button" download>Télécharger</a></div>
