{"id":1721,"date":"2014-09-20T09:13:45","date_gmt":"2014-09-20T08:13:45","guid":{"rendered":"http:\/\/blogpeda.ac-poitiers.fr\/iufm6\/?page_id=1721"},"modified":"2023-10-29T11:51:36","modified_gmt":"2023-10-29T10:51:36","slug":"trail-2011","status":"publish","type":"page","link":"https:\/\/www.mouthiers-sur-boeme.fr\/?page_id=1721","title":{"rendered":"COURSE \u00c0 PIEDS\/TRAIL"},"content":{"rendered":"<p><img loading=\"lazy\" class=\"alignnone size-medium wp-image-8118\" src=\"https:\/\/www.mouthiers-sur-boeme.fr\/wp-content\/uploads\/2014\/09\/Les-rapids-de-la-Bo\u00ebme-LOGO-300x116.jpg\" alt=\"\" width=\"300\" height=\"116\"><\/p>\n<p>Les Rapid&rsquo;s de la Bo\u00ebme<br \/>\nDamien Boeuf (Pr\u00e9sident de l&rsquo;association)<br \/>\n8 place du Champ de Foire<br \/>\n16440 Mouthiers-sur-Bo\u00ebme<\/p>\n<div>T\u00e9l : <span id=\"OBJ_PREFIX_DWT859_com_zimbra_phone\" class=\"Object\" role=\"link\"><a href=\"callto:06 61 64 17 49\">06 61 64 17 49<\/a><\/span><\/div>\n<div><span id=\"OBJ_PREFIX_DWT860_ZmEmailObjectHandler\" class=\"Object-hover\" role=\"link\"><a href=\"mailto:lesrapidsdelaboeme@gmail.com\" target=\"_blank\" rel=\"nofollow noopener noreferrer\">lesrapidsdelaboeme@gmail.com<\/a><\/span><\/div>\n<div><span id=\"OBJ_PREFIX_DWT861_com_zimbra_url\" class=\"Object\" role=\"link\"><a href=\"https:\/\/lesrapidsdelaboeme.fr\/\" target=\"_blank\" rel=\"nofollow noopener noreferrer\">https:\/\/lesrapidsdelaboeme.fr\/<\/a><\/span><\/div>\n","protected":false},"excerpt":{"rendered":"<p>Les Rapid&rsquo;s de la Bo\u00ebme Damien Boeuf (Pr\u00e9sident de l&rsquo;association) 8 place du Champ de Foire 16440 Mouthiers-sur-Bo\u00ebme T\u00e9l : 06 61 64 17 49 lesrapidsdelaboeme@gmail.com https:\/\/lesrapidsdelaboeme.fr\/<\/p>\n","protected":false},"author":22,"featured_media":0,"parent":0,"menu_order":0,"comment_status":"closed","ping_status":"closed","template":"","meta":[],"_links":{"self":[{"href":"https:\/\/www.mouthiers-sur-boeme.fr\/index.php?rest_route=\/wp\/v2\/pages\/1721"}],"collection":[{"href":"https:\/\/www.mouthiers-sur-boeme.fr\/index.php?rest_route=\/wp\/v2\/pages"}],"about":[{"href":"https:\/\/www.mouthiers-sur-boeme.fr\/index.php?rest_route=\/wp\/v2\/types\/page"}],"author":[{"embeddable":true,"href":"https:\/\/www.mouthiers-sur-boeme.fr\/index.php?rest_route=\/wp\/v2\/users\/22"}],"replies":[{"embeddable":true,"href":"https:\/\/www.mouthiers-sur-boeme.fr\/index.php?rest_route=%2Fwp%2Fv2%2Fcomments&post=1721"}],"version-history":[{"count":6,"href":"https:\/\/www.mouthiers-sur-boeme.fr\/index.php?rest_route=\/wp\/v2\/pages\/1721\/revisions"}],"predecessor-version":[{"id":10091,"href":"https:\/\/www.mouthiers-sur-boeme.fr\/index.php?rest_route=\/wp\/v2\/pages\/1721\/revisions\/10091"}],"wp:attachment":[{"href":"https:\/\/www.mouthiers-sur-boeme.fr\/index.php?rest_route=%2Fwp%2Fv2%2Fmedia&parent=1721"}],"curies":[{"name":"wp","href":"https:\/\/api.w.org\/{rel}","templated":true}]}}

COURSE À PIEDS/TRAIL

<p><img loading="lazy" class="alignnone size-medium wp-image-8118" src="https://www.mouthiers-sur-boeme.fr/wp-content/uploads/2014/09/Les-rapids-de-la-Boëme-LOGO-300x116.jpg" alt="" width="300" height="116"></p>
<p>Les Rapid&rsquo;s de la Boëme<br />
Damien Boeuf (Président de l&rsquo;association)<br />
8 place du Champ de Foire<br />
16440 Mouthiers-sur-Boëme</p>
<div>Tél : <span id="OBJ_PREFIX_DWT859_com_zimbra_phone" class="Object" role="link"><a href="callto:06 61 64 17 49">06 61 64 17 49</a></span></div>
<div><span id="OBJ_PREFIX_DWT860_ZmEmailObjectHandler" class="Object-hover" role="link"><a href="mailto:lesrapidsdelaboeme@gmail.com" target="_blank" rel="nofollow noopener noreferrer">lesrapidsdelaboeme@gmail.com</a></span></div>
<div><span id="OBJ_PREFIX_DWT861_com_zimbra_url" class="Object" role="link"><a href="https://lesrapidsdelaboeme.fr/" target="_blank" rel="nofollow noopener noreferrer">https://lesrapidsdelaboeme.fr/</a></span></div>

<p>Les Rapid&rsquo;s de la Boëme Damien Boeuf (Président de l&rsquo;association) 8 place du Champ de Foire 16440 Mouthiers-sur-Boëme Tél : 06 61 64 17 49 lesrapidsdelaboeme@gmail.com https://lesrapidsdelaboeme.fr/</p>
