{"id":1776,"date":"2014-09-20T09:38:23","date_gmt":"2014-09-20T08:38:23","guid":{"rendered":"http:\/\/blogpeda.ac-poitiers.fr\/iufm6\/?page_id=1776"},"modified":"2024-05-01T13:53:21","modified_gmt":"2024-05-01T12:53:21","slug":"creche-familiale-municipale-les-ptits-loups","status":"publish","type":"page","link":"https:\/\/www.mouthiers-sur-boeme.fr\/?page_id=1776","title":{"rendered":"Cr\u00e8che familiale municipale \u00ab\u00a0Les P\u2019tits Loups\u00a0\u00bb"},"content":{"rendered":"<div>\n<div><strong>Mme Delphine Thibault<\/strong><br \/><em><strong>Directrice\u00a0 <\/strong><\/em><\/div>\n<\/div>\n\n\n<p>La cr\u00e8che familiale est un \u00e9tablissement de jeunes enfants financ\u00e9 par la municipalit\u00e9 et la CAF<\/p>\n\n\n\n<p>La structure est ouverte aux enfants \u00e2g\u00e9s de 10 semaines \u00e0 4 ans, domicili\u00e9s sur la commune de Mouthiers-sur-Bo\u00ebme et les communes alentour.<\/p>\n\n\n\n<p>Les enfants sont accueillis au domicile des assistantes maternelles et au sein de la structure une fois par semaine.<\/p>\n\n\n\n<p>En r\u00e9f\u00e9rence au projet d\u2019\u00e9tablissement, la directrice et l\u2019\u00e9ducatrice de jeunes enfants accompagnent l\u2019\u00e9quipe au quotidien et s\u2019occupent de la gestion administrative de la structure.<\/p>\n\n\n\n<p>Les bureaux sont ouverts du lundi au vendredi de 9h00 \u00e0 17h.<\/p>\n\n\n\n<p><strong>Cr\u00e8che familiale\u00a0\u00bbLes P&rsquo;tits Loups\u00a0\u00bb<\/strong><\/p>\n\n\n\n<p><strong>1 chemin de traverse<br>16440 Mouthiers-Sur-Bo\u00ebme<\/strong><\/p>\n\n\n\n<p><strong>e-mail : creche.ptitsloups@mouthiers-sur-boeme.fr<br>05 45 67 84 88<\/strong><\/p>\n\n\n\n<figure class=\"wp-block-image size-large\"><a href=\"https:\/\/www.mouthiers-sur-boeme.fr\/wp-content\/uploads\/2024\/05\/photo-creche-2-2024-scaled.jpg\"><img loading=\"lazy\" width=\"1024\" height=\"768\" src=\"https:\/\/www.mouthiers-sur-boeme.fr\/wp-content\/uploads\/2024\/05\/photo-creche-2-2024-1024x768.jpg\" alt=\"\" class=\"wp-image-11325\" srcset=\"https:\/\/www.mouthiers-sur-boeme.fr\/wp-content\/uploads\/2024\/05\/photo-creche-2-2024-1024x768.jpg 1024w, https:\/\/www.mouthiers-sur-boeme.fr\/wp-content\/uploads\/2024\/05\/photo-creche-2-2024-300x225.jpg 300w, https:\/\/www.mouthiers-sur-boeme.fr\/wp-content\/uploads\/2024\/05\/photo-creche-2-2024-768x576.jpg 768w, https:\/\/www.mouthiers-sur-boeme.fr\/wp-content\/uploads\/2024\/05\/photo-creche-2-2024-1536x1152.jpg 1536w, https:\/\/www.mouthiers-sur-boeme.fr\/wp-content\/uploads\/2024\/05\/photo-creche-2-2024-2048x1536.jpg 2048w\" sizes=\"(max-width: 1024px) 100vw, 1024px\" \/><\/a><\/figure>\n\n\n\n<figure class=\"wp-block-image size-large\"><a href=\"https:\/\/www.mouthiers-sur-boeme.fr\/wp-content\/uploads\/2024\/05\/photo-creche-1-2024-scaled.jpg\"><img loading=\"lazy\" width=\"1024\" height=\"768\" src=\"https:\/\/www.mouthiers-sur-boeme.fr\/wp-content\/uploads\/2024\/05\/photo-creche-1-2024-1024x768.jpg\" alt=\"\" class=\"wp-image-11326\" srcset=\"https:\/\/www.mouthiers-sur-boeme.fr\/wp-content\/uploads\/2024\/05\/photo-creche-1-2024-1024x768.jpg 1024w, https:\/\/www.mouthiers-sur-boeme.fr\/wp-content\/uploads\/2024\/05\/photo-creche-1-2024-300x225.jpg 300w, https:\/\/www.mouthiers-sur-boeme.fr\/wp-content\/uploads\/2024\/05\/photo-creche-1-2024-768x576.jpg 768w, https:\/\/www.mouthiers-sur-boeme.fr\/wp-content\/uploads\/2024\/05\/photo-creche-1-2024-1536x1152.jpg 1536w, https:\/\/www.mouthiers-sur-boeme.fr\/wp-content\/uploads\/2024\/05\/photo-creche-1-2024-2048x1536.jpg 2048w\" sizes=\"(max-width: 1024px) 100vw, 1024px\" \/><\/a><\/figure>\n","protected":false},"excerpt":{"rendered":"<p>Mme Delphine ThibaultDirectrice\u00a0 La cr\u00e8che familiale est un \u00e9tablissement de jeunes enfants financ\u00e9 par la municipalit\u00e9 et la CAF La structure est ouverte aux enfants \u00e2g\u00e9s de 10 semaines \u00e0 4 ans, domicili\u00e9s sur la commune de Mouthiers-sur-Bo\u00ebme et les communes alentour. Les enfants sont accueillis au domicile des assistantes maternelles et au sein de &hellip; <a href=\"https:\/\/www.mouthiers-sur-boeme.fr\/?page_id=1776\" class=\"more-link\">Continuer la lecture de <span class=\"screen-reader-text\">Cr\u00e8che familiale municipale \u00ab\u00a0Les P\u2019tits Loups\u00a0\u00bb<\/span>  <span class=\"meta-nav\">&rarr;<\/span><\/a><\/p>\n","protected":false},"author":22,"featured_media":0,"parent":0,"menu_order":0,"comment_status":"closed","ping_status":"closed","template":"","meta":[],"_links":{"self":[{"href":"https:\/\/www.mouthiers-sur-boeme.fr\/index.php?rest_route=\/wp\/v2\/pages\/1776"}],"collection":[{"href":"https:\/\/www.mouthiers-sur-boeme.fr\/index.php?rest_route=\/wp\/v2\/pages"}],"about":[{"href":"https:\/\/www.mouthiers-sur-boeme.fr\/index.php?rest_route=\/wp\/v2\/types\/page"}],"author":[{"embeddable":true,"href":"https:\/\/www.mouthiers-sur-boeme.fr\/index.php?rest_route=\/wp\/v2\/users\/22"}],"replies":[{"embeddable":true,"href":"https:\/\/www.mouthiers-sur-boeme.fr\/index.php?rest_route=%2Fwp%2Fv2%2Fcomments&post=1776"}],"version-history":[{"count":15,"href":"https:\/\/www.mouthiers-sur-boeme.fr\/index.php?rest_route=\/wp\/v2\/pages\/1776\/revisions"}],"predecessor-version":[{"id":11331,"href":"https:\/\/www.mouthiers-sur-boeme.fr\/index.php?rest_route=\/wp\/v2\/pages\/1776\/revisions\/11331"}],"wp:attachment":[{"href":"https:\/\/www.mouthiers-sur-boeme.fr\/index.php?rest_route=%2Fwp%2Fv2%2Fmedia&parent=1776"}],"curies":[{"name":"wp","href":"https:\/\/api.w.org\/{rel}","templated":true}]}}

Crèche familiale municipale « Les P’tits Loups »

<div>
<div><strong>Mme Delphine Thibault</strong><br /><em><strong>Directrice  </strong></em></div>
</div>


<p>La crèche familiale est un établissement de jeunes enfants financé par la municipalité et la CAF</p>



<p>La structure est ouverte aux enfants âgés de 10 semaines à 4 ans, domiciliés sur la commune de Mouthiers-sur-Boëme et les communes alentour.</p>



<p>Les enfants sont accueillis au domicile des assistantes maternelles et au sein de la structure une fois par semaine.</p>



<p>En référence au projet d’établissement, la directrice et l’éducatrice de jeunes enfants accompagnent l’équipe au quotidien et s’occupent de la gestion administrative de la structure.</p>



<p>Les bureaux sont ouverts du lundi au vendredi de 9h00 à 17h.</p>



<p><strong>Crèche familiale »Les P&rsquo;tits Loups »</strong></p>



<p><strong>1 chemin de traverse<br>16440 Mouthiers-Sur-Boëme</strong></p>



<p><strong>e-mail : creche.ptitsloups@mouthiers-sur-boeme.fr<br>05 45 67 84 88</strong></p>



<figure class="wp-block-image size-large"><a href="https://www.mouthiers-sur-boeme.fr/wp-content/uploads/2024/05/photo-creche-2-2024-scaled.jpg"><img loading="lazy" width="1024" height="768" src="https://www.mouthiers-sur-boeme.fr/wp-content/uploads/2024/05/photo-creche-2-2024-1024x768.jpg" alt="" class="wp-image-11325" srcset="https://www.mouthiers-sur-boeme.fr/wp-content/uploads/2024/05/photo-creche-2-2024-1024x768.jpg 1024w, https://www.mouthiers-sur-boeme.fr/wp-content/uploads/2024/05/photo-creche-2-2024-300x225.jpg 300w, https://www.mouthiers-sur-boeme.fr/wp-content/uploads/2024/05/photo-creche-2-2024-768x576.jpg 768w, https://www.mouthiers-sur-boeme.fr/wp-content/uploads/2024/05/photo-creche-2-2024-1536x1152.jpg 1536w, https://www.mouthiers-sur-boeme.fr/wp-content/uploads/2024/05/photo-creche-2-2024-2048x1536.jpg 2048w" sizes="(max-width: 1024px) 100vw, 1024px" /></a></figure>



<figure class="wp-block-image size-large"><a href="https://www.mouthiers-sur-boeme.fr/wp-content/uploads/2024/05/photo-creche-1-2024-scaled.jpg"><img loading="lazy" width="1024" height="768" src="https://www.mouthiers-sur-boeme.fr/wp-content/uploads/2024/05/photo-creche-1-2024-1024x768.jpg" alt="" class="wp-image-11326" srcset="https://www.mouthiers-sur-boeme.fr/wp-content/uploads/2024/05/photo-creche-1-2024-1024x768.jpg 1024w, https://www.mouthiers-sur-boeme.fr/wp-content/uploads/2024/05/photo-creche-1-2024-300x225.jpg 300w, https://www.mouthiers-sur-boeme.fr/wp-content/uploads/2024/05/photo-creche-1-2024-768x576.jpg 768w, https://www.mouthiers-sur-boeme.fr/wp-content/uploads/2024/05/photo-creche-1-2024-1536x1152.jpg 1536w, https://www.mouthiers-sur-boeme.fr/wp-content/uploads/2024/05/photo-creche-1-2024-2048x1536.jpg 2048w" sizes="(max-width: 1024px) 100vw, 1024px" /></a></figure>

<p>Mme Delphine ThibaultDirectrice  La crèche familiale est un établissement de jeunes enfants financé par la municipalité et la CAF La structure est ouverte aux enfants âgés de 10 semaines à 4 ans, domiciliés sur la commune de Mouthiers-sur-Boëme et les communes alentour. Les enfants sont accueillis au domicile des assistantes maternelles et au sein de &hellip; <a href="https://www.mouthiers-sur-boeme.fr/?page_id=1776" class="more-link">Continuer la lecture de <span class="screen-reader-text">Crèche familiale municipale « Les P’tits Loups »</span>  <span class="meta-nav">&rarr;</span></a></p>
