{"id":5271,"date":"2018-04-06T17:29:42","date_gmt":"2018-04-06T16:29:42","guid":{"rendered":"https:\/\/www.mouthiers-sur-boeme.fr\/?page_id=5271"},"modified":"2023-10-29T11:58:45","modified_gmt":"2023-10-29T10:58:45","slug":"les-sorties-natures","status":"publish","type":"page","link":"https:\/\/www.mouthiers-sur-boeme.fr\/?page_id=5271","title":{"rendered":"Les sorties Natures&#8230;"},"content":{"rendered":"<h2><span style=\"color: #ff0000;\">\u00c9dition 2019<\/span><\/h2>\n<h3>Samedi 19 octobre<\/h3>\n<p><strong>8h30-10h<\/strong>&nbsp; :&nbsp; Balade dans les tourbi\u00e8res de la Grande Prairie de Mouthiers-sur-Bo\u00ebme avec Laetitia Copin-Merlet. D\u00e9couvrez cet environnement naturel pr\u00e9serv\u00e9 class\u00e9 ZNIEFF et NATURA 2000 et sa riche histoire. Caf\u00e9, th\u00e9 et viennoiseries offerts par la municipalit\u00e9.<\/p>\n<p>RV : Tourbi\u00e8res &#8211; Terrain des p\u00eacheurs (parking)&nbsp;&nbsp;&nbsp;&nbsp;&nbsp;&nbsp;&nbsp;&nbsp;&nbsp;&nbsp;&nbsp;&nbsp;&nbsp;&nbsp;&nbsp;&nbsp;&nbsp;&nbsp;&nbsp;&nbsp; Gratuit<\/p>\n<p><a href=\"http:\/\/www.grandangouleme.fr\/wp-content\/uploads\/2019\/07\/Programme-Via-Patrimoine-de-sept-%C3%A0-d%C3%A9cembre-2019.pdf\" target=\"_blank\" rel=\"noopener\">Programme Via Patrimoine sept-d\u00e9c 2019<\/a><\/p>\n<p>&nbsp;<\/p>\n<p><strong>13h30<\/strong> :&nbsp; rendez-vous au champs de foire pour un<strong> parcours comment\u00e9 de la Bo\u00ebme<\/strong> anim\u00e9 par Maxime Jouanaud technicien de rivi\u00e8re du SYBRA<\/p>\n<p><a href=\"https:\/\/www.sudouest.fr\/2017\/12\/05\/quel-avenir-envisager-pour-la-tourbiere-4006754-1013.php\" target=\"_blank\" rel=\"noopener\" data-slimstat=\"5\">Pour mieux le conna\u00eetre<\/a><\/p>\n<p>&nbsp;<\/p>\n<h3>Toute la journ\u00e9e de 10h00 \u00e0 16h00 :<\/h3>\n<p>Troc aux plantes et village des exposants, animations diverses et restauration sur place.<\/p>\n<p>Des expositions \u00e0 voir \u00e0 la MJC, \u00e0 la gare, \u00e0 la m\u00e9diath\u00e8que.<\/p>\n<p>L\u2019atlas de la biodiversit\u00e9 en diaporama.<\/p>\n<h2><span style=\"color: #ff0000;\">\u00c9dition 2018<\/span><\/h2>\n<p><strong>\u2026 Les sorties natures<\/strong><\/p>\n<p>A pas de fourmis, le festival approche&#8230;<br \/>\nPour ravir les amoureux de nature et les curieux d&rsquo;aventure, plusieurs sorties seront organis\u00e9es lors de \u00ab\u00a0Mouthiers f\u00eate la biodiversit\u00e9\u00a0\u00bb :<\/p>\n<p>VENDREDI 27 AVRIL 20h15 : <strong>2<\/strong> <strong>balades cr\u00e9pusculaires cont\u00e9es<\/strong> (Charente nature et conteuses du Foyer d&rsquo;animation de Puymoyen)<\/p>\n<p>SAMEDI 28 AVRIL 14h : <strong>sortie Natura 2000<\/strong> <strong>sur la gestion foresti\u00e8re<\/strong> (LPO* et CETEF*)<\/p>\n<p>SAMEDI et DIMANCHE (horaires \u00e0 venir) :<br \/>\n<strong>&#8211; balades gourmandes et m\u00e9dicinales<\/strong> (Jardins d&rsquo;Isis),<br \/>\n<strong>&#8211; d\u00e9couverte des plantes sauvages <\/strong>(histoire et utilit\u00e9s)<br \/>\n<strong>&#8211; cueillette des plantes \u00e0 vanner et mat\u00e9riaux pour le \u00ab\u00a0land art\u00a0\u00bb<\/strong> (Les Compagnons du V\u00e9g\u00e9tal et Les Jardins respectueux)<a href=\"https:\/\/www.mouthiers-sur-boeme.fr\/wp-content\/uploads\/2018\/04\/IMG_7880.jpg\"><img loading=\"lazy\" class=\"aligncenter size-medium wp-image-5272\" src=\"https:\/\/www.mouthiers-sur-boeme.fr\/wp-content\/uploads\/2018\/04\/IMG_7880-300x200.jpg\" alt=\"\" width=\"300\" height=\"200\" srcset=\"https:\/\/www.mouthiers-sur-boeme.fr\/wp-content\/uploads\/2018\/04\/IMG_7880-300x200.jpg 300w, https:\/\/www.mouthiers-sur-boeme.fr\/wp-content\/uploads\/2018\/04\/IMG_7880-768x512.jpg 768w, https:\/\/www.mouthiers-sur-boeme.fr\/wp-content\/uploads\/2018\/04\/IMG_7880-1024x683.jpg 1024w\" sizes=\"(max-width: 300px) 100vw, 300px\" \/><\/a><\/p>\n<p>DIMANCHE 29 AVRIL 5h15 : <strong>balade \u00e0 l&rsquo;aube<\/strong> (Charente Nature)<br \/>\nDIMANCHE 29 AVRIL 13h30&nbsp;: <strong>sortie sur les chaumes et la biodiversit\u00e9 en for\u00eat<\/strong> (CREN* et CRPF*)<\/p>\n<p>*LPO : Ligue pour la Protection des Oiseaux<br \/>\n*CETEF : Centre d\u2019Etudes Techniques<br \/>\nEnvironnemental et Forestier<br \/>\n*CREN : Conservatoire R\u00e9gional des Espaces Naturels<br \/>\n*CRPF : Centre R\u00e9gional de la Propri\u00e9t\u00e9 Foresti\u00e8re<\/p>\n","protected":false},"excerpt":{"rendered":"<p>\u00c9dition 2019 Samedi 19 octobre 8h30-10h&nbsp; :&nbsp; Balade dans les tourbi\u00e8res de la Grande Prairie de Mouthiers-sur-Bo\u00ebme avec Laetitia Copin-Merlet. D\u00e9couvrez cet environnement naturel pr\u00e9serv\u00e9 class\u00e9 ZNIEFF et NATURA 2000 et sa riche histoire. Caf\u00e9, th\u00e9 et viennoiseries offerts par la municipalit\u00e9. RV : Tourbi\u00e8res &#8211; Terrain des p\u00eacheurs (parking)&nbsp;&nbsp;&nbsp;&nbsp;&nbsp;&nbsp;&nbsp;&nbsp;&nbsp;&nbsp;&nbsp;&nbsp;&nbsp;&nbsp;&nbsp;&nbsp;&nbsp;&nbsp;&nbsp;&nbsp; Gratuit Programme Via Patrimoine sept-d\u00e9c &hellip; <a href=\"https:\/\/www.mouthiers-sur-boeme.fr\/?page_id=5271\" class=\"more-link\">Continuer la lecture de <span class=\"screen-reader-text\">Les sorties Natures&#8230;<\/span>  <span class=\"meta-nav\">&rarr;<\/span><\/a><\/p>\n","protected":false},"author":22,"featured_media":5272,"parent":0,"menu_order":0,"comment_status":"closed","ping_status":"closed","template":"","meta":[],"_links":{"self":[{"href":"https:\/\/www.mouthiers-sur-boeme.fr\/index.php?rest_route=\/wp\/v2\/pages\/5271"}],"collection":[{"href":"https:\/\/www.mouthiers-sur-boeme.fr\/index.php?rest_route=\/wp\/v2\/pages"}],"about":[{"href":"https:\/\/www.mouthiers-sur-boeme.fr\/index.php?rest_route=\/wp\/v2\/types\/page"}],"author":[{"embeddable":true,"href":"https:\/\/www.mouthiers-sur-boeme.fr\/index.php?rest_route=\/wp\/v2\/users\/22"}],"replies":[{"embeddable":true,"href":"https:\/\/www.mouthiers-sur-boeme.fr\/index.php?rest_route=%2Fwp%2Fv2%2Fcomments&post=5271"}],"version-history":[{"count":5,"href":"https:\/\/www.mouthiers-sur-boeme.fr\/index.php?rest_route=\/wp\/v2\/pages\/5271\/revisions"}],"predecessor-version":[{"id":10105,"href":"https:\/\/www.mouthiers-sur-boeme.fr\/index.php?rest_route=\/wp\/v2\/pages\/5271\/revisions\/10105"}],"wp:featuredmedia":[{"embeddable":true,"href":"https:\/\/www.mouthiers-sur-boeme.fr\/index.php?rest_route=\/wp\/v2\/media\/5272"}],"wp:attachment":[{"href":"https:\/\/www.mouthiers-sur-boeme.fr\/index.php?rest_route=%2Fwp%2Fv2%2Fmedia&parent=5271"}],"curies":[{"name":"wp","href":"https:\/\/api.w.org\/{rel}","templated":true}]}}

<h2><span style="color: #ff0000;">Édition 2019</span></h2>
<h3>Samedi 19 octobre</h3>
<p><strong>8h30-10h</strong>&nbsp; :&nbsp; Balade dans les tourbières de la Grande Prairie de Mouthiers-sur-Boëme avec Laetitia Copin-Merlet. Découvrez cet environnement naturel préservé classé ZNIEFF et NATURA 2000 et sa riche histoire. Café, thé et viennoiseries offerts par la municipalité.</p>
<p>RV : Tourbières &#8211; Terrain des pêcheurs (parking)&nbsp;&nbsp;&nbsp;&nbsp;&nbsp;&nbsp;&nbsp;&nbsp;&nbsp;&nbsp;&nbsp;&nbsp;&nbsp;&nbsp;&nbsp;&nbsp;&nbsp;&nbsp;&nbsp;&nbsp; Gratuit</p>
<p><a href="http://www.grandangouleme.fr/wp-content/uploads/2019/07/Programme-Via-Patrimoine-de-sept-%C3%A0-d%C3%A9cembre-2019.pdf" target="_blank" rel="noopener">Programme Via Patrimoine sept-déc 2019</a></p>
<p>&nbsp;</p>
<p><strong>13h30</strong> :&nbsp; rendez-vous au champs de foire pour un<strong> parcours commenté de la Boëme</strong> animé par Maxime Jouanaud technicien de rivière du SYBRA</p>
<p><a href="https://www.sudouest.fr/2017/12/05/quel-avenir-envisager-pour-la-tourbiere-4006754-1013.php" target="_blank" rel="noopener" data-slimstat="5">Pour mieux le connaître</a></p>
<p>&nbsp;</p>
<h3>Toute la journée de 10h00 à 16h00 :</h3>
<p>Troc aux plantes et village des exposants, animations diverses et restauration sur place.</p>
<p>Des expositions à voir à la MJC, à la gare, à la médiathèque.</p>
<p>L’atlas de la biodiversité en diaporama.</p>
<h2><span style="color: #ff0000;">Édition 2018</span></h2>
<p><strong>… Les sorties natures</strong></p>
<p>A pas de fourmis, le festival approche&#8230;<br />
Pour ravir les amoureux de nature et les curieux d&rsquo;aventure, plusieurs sorties seront organisées lors de « Mouthiers fête la biodiversité » :</p>
<p>VENDREDI 27 AVRIL 20h15 : <strong>2</strong> <strong>balades crépusculaires contées</strong> (Charente nature et conteuses du Foyer d&rsquo;animation de Puymoyen)</p>
<p>SAMEDI 28 AVRIL 14h : <strong>sortie Natura 2000</strong> <strong>sur la gestion forestière</strong> (LPO* et CETEF*)</p>
<p>SAMEDI et DIMANCHE (horaires à venir) :<br />
<strong>&#8211; balades gourmandes et médicinales</strong> (Jardins d&rsquo;Isis),<br />
<strong>&#8211; découverte des plantes sauvages </strong>(histoire et utilités)<br />
<strong>&#8211; cueillette des plantes à vanner et matériaux pour le « land art »</strong> (Les Compagnons du Végétal et Les Jardins respectueux)<a href="https://www.mouthiers-sur-boeme.fr/wp-content/uploads/2018/04/IMG_7880.jpg"><img loading="lazy" class="aligncenter size-medium wp-image-5272" src="https://www.mouthiers-sur-boeme.fr/wp-content/uploads/2018/04/IMG_7880-300x200.jpg" alt="" width="300" height="200" srcset="https://www.mouthiers-sur-boeme.fr/wp-content/uploads/2018/04/IMG_7880-300x200.jpg 300w, https://www.mouthiers-sur-boeme.fr/wp-content/uploads/2018/04/IMG_7880-768x512.jpg 768w, https://www.mouthiers-sur-boeme.fr/wp-content/uploads/2018/04/IMG_7880-1024x683.jpg 1024w" sizes="(max-width: 300px) 100vw, 300px" /></a></p>
<p>DIMANCHE 29 AVRIL 5h15 : <strong>balade à l&rsquo;aube</strong> (Charente Nature)<br />
DIMANCHE 29 AVRIL 13h30&nbsp;: <strong>sortie sur les chaumes et la biodiversité en forêt</strong> (CREN* et CRPF*)</p>
<p>*LPO : Ligue pour la Protection des Oiseaux<br />
*CETEF : Centre d’Etudes Techniques<br />
Environnemental et Forestier<br />
*CREN : Conservatoire Régional des Espaces Naturels<br />
*CRPF : Centre Régional de la Propriété Forestière</p>

<p>Édition 2019 Samedi 19 octobre 8h30-10h&nbsp; :&nbsp; Balade dans les tourbières de la Grande Prairie de Mouthiers-sur-Boëme avec Laetitia Copin-Merlet. Découvrez cet environnement naturel préservé classé ZNIEFF et NATURA 2000 et sa riche histoire. Café, thé et viennoiseries offerts par la municipalité. RV : Tourbières &#8211; Terrain des pêcheurs (parking)&nbsp;&nbsp;&nbsp;&nbsp;&nbsp;&nbsp;&nbsp;&nbsp;&nbsp;&nbsp;&nbsp;&nbsp;&nbsp;&nbsp;&nbsp;&nbsp;&nbsp;&nbsp;&nbsp;&nbsp; Gratuit Programme Via Patrimoine sept-déc &hellip; <a href="https://www.mouthiers-sur-boeme.fr/?page_id=5271" class="more-link">Continuer la lecture de <span class="screen-reader-text">Les sorties Natures&#8230;</span>  <span class="meta-nav">&rarr;</span></a></p>
