{"id":5274,"date":"2018-04-06T17:32:06","date_gmt":"2018-04-06T16:32:06","guid":{"rendered":"https:\/\/www.mouthiers-sur-boeme.fr\/?page_id=5274"},"modified":"2023-10-29T11:58:00","modified_gmt":"2023-10-29T10:58:00","slug":"les-conferences","status":"publish","type":"page","link":"https:\/\/www.mouthiers-sur-boeme.fr\/?page_id=5274","title":{"rendered":"Les Conf\u00e9rences&#8230;"},"content":{"rendered":"<h3><span style=\"color: #ff0000;\">Edition 2019<\/span><\/h3>\n<h3>Samedi 19 octobre<\/h3>\n<p>11h00 : \u00e0 la MJC, <strong>conf\u00e9rence \u00ab&nbsp;L\u2019eau et le papier&nbsp;\u00bb<\/strong> par Denis Peaucelle ancien conservateur du mus\u00e9e du papier.<\/p>\n<p><a href=\"https:\/\/www.sudouest.fr\/2011\/10\/31\/une-page-se-tourne-au-musee-du-papier-540895-813.php\" target=\"_blank\" rel=\"noopener\" data-slimstat=\"5\">Pour mieux le conna\u00eetre <\/a><\/p>\n<p>18h00 : salle G.Ploquin <strong>conf\u00e9rence \u00ab&nbsp;L\u2019eau, la biodiversit\u00e9 et l\u2019\u00e9rosion&nbsp;\u00bb<\/strong> de Beno\u00eet Sautour .<\/p>\n<p><a href=\"https:\/\/www.francebleu.fr\/emissions\/l-invite-de-france-bleu-limousin-matin\/limousin\/l-invite-du-matin-limousin-20\" target=\"_blank\" rel=\"noopener\" data-slimstat=\"5\">Pour mieux le conna\u00eetre<\/a><\/p>\n<h3>Toute la journ\u00e9e de 10h00 \u00e0 16h00 :<\/h3>\n<p>Troc aux plantes et village des exposants, animations diverses et restauration sur place.<\/p>\n<p>Des expositions \u00e0 voir \u00e0 la MJC, \u00e0 la gare, \u00e0 la m\u00e9diath\u00e8que.<\/p>\n<p>L\u2019atlas de la biodiversit\u00e9 en diaporama.<\/p>\n<p><a href=\"https:\/\/www.facebook.com\/search\/top\/?q=mouthiers%20f%C3%AAte%20la%20biodiversit%C3%A9&amp;epa=SEARCH_BOX\" target=\"_blank\" rel=\"noopener\" data-slimstat=\"5\">page Facebook<\/a><\/p>\n<p>___________________________________________________________________<\/p>\n<h3><span style=\"color: #ff0000;\">Edition 2018<\/span><\/h3>\n<p><strong>\u2026 Les conf\u00e9rences<\/strong><\/p>\n<p><strong>\u00ab&nbsp;De la repr\u00e9sentation de l&rsquo;arbre \u00e0 la pr\u00e9sence de la for\u00eat sonore&nbsp;\u00bb <\/strong>de Jean Mottet<\/p>\n<p><a href=\"https:\/\/www.mouthiers-sur-boeme.fr\/wp-content\/uploads\/2018\/04\/Jean-Mottet.png\"><img loading=\"lazy\" class=\"aligncenter size-full wp-image-5252\" src=\"https:\/\/www.mouthiers-sur-boeme.fr\/wp-content\/uploads\/2018\/04\/Jean-Mottet.png\" alt=\"\" width=\"184\" height=\"210\"><\/a><\/p>\n<p><strong>Jean Mottet<\/strong> est professeur \u00e9m\u00e9rite d&rsquo;esth\u00e9tique du film \u00e0 l&rsquo;universit\u00e9 de Paris I Panth\u00e9on-Sorbonne. Il est l&rsquo;auteur, entre autres, de <em>L&rsquo;Arbre<\/em> <em>dans le paysage<\/em>. Il invite \u00e0 red\u00e9couvrir la nature gr\u00e2ce \u00e0 l&rsquo;\u00e9coute attentive de ses sons et de ses silences, en montrant que le paysage sonore peut \u00eatre un indicateur de l&rsquo;\u00e9tat de la biodiversit\u00e9. Jean Mottet est par ailleurs, propri\u00e9taire de l\u2019arboretum exp\u00e9rimental de la Bonne Foussie \u00e0 Sarlande en Dordogne.<\/p>\n<p><strong>&nbsp;<\/strong><strong>&nbsp;\u00ab&nbsp;Un arbre tout neuf&nbsp;\u00bb<\/strong> de Francis Hall\u00e9<\/p>\n<p><a href=\"https:\/\/www.mouthiers-sur-boeme.fr\/wp-content\/uploads\/2018\/04\/Francis-Hall\u00e9.png\"><img loading=\"lazy\" class=\"aligncenter size-medium wp-image-5251\" src=\"https:\/\/www.mouthiers-sur-boeme.fr\/wp-content\/uploads\/2018\/04\/Francis-Hall\u00e9-300x200.png\" alt=\"\" width=\"300\" height=\"200\" srcset=\"https:\/\/www.mouthiers-sur-boeme.fr\/wp-content\/uploads\/2018\/04\/Francis-Hall\u00e9-300x200.png 300w, https:\/\/www.mouthiers-sur-boeme.fr\/wp-content\/uploads\/2018\/04\/Francis-Hall\u00e9.png 600w\" sizes=\"(max-width: 300px) 100vw, 300px\" \/><\/a><\/p>\n<p>Botaniste et biologiste, <strong>Francis Hall\u00e9<\/strong> est sp\u00e9cialiste de l\u2019architecture des arbres et de l\u2019\u00e9cologie des for\u00eats. Infatigable d\u00e9fenseur de la cause de l\u2019arbre, et notamment des for\u00eats primaires, il est l\u2019auteur de nombreux ouvrages tels que <em>Plaidoyer pour l\u2019arbre <\/em>&nbsp;ou <em>50 ans d\u2019observation dans les jardins<\/em>, o\u00f9 il conjugue avec talent, connaissances et \u00e9merveillement. Il a notamment dirig\u00e9 des missions scientifiques comme la c\u00e9l\u00e8bre exp\u00e9dition du \u00ab Radeau des cimes \u00bb sur les canop\u00e9es des for\u00eats tropicales.<\/p>\n<p>Avec cette conf\u00e9rence, Francis Hall\u00e9 pr\u00e9sente une vision nouvelle de l&rsquo;arbre, singuli\u00e8re et surprenante, qui en elle-m\u00eame, appelle \u00e0 une modification profonde de notre relation \u00e0 la nature.<\/p>\n<p><strong>\u00ab&nbsp;<\/strong><strong>R\u00f4le et importance de la biodiversit\u00e9 ordinaire, comment la prot\u00e9ger&nbsp;\u00bb<\/strong><strong>&nbsp; <\/strong>de Michel Evrard<\/p>\n<p><a href=\"https:\/\/www.mouthiers-sur-boeme.fr\/wp-content\/uploads\/2018\/04\/Michel-Evrard.png\"><img loading=\"lazy\" class=\"aligncenter size-full wp-image-5253\" src=\"https:\/\/www.mouthiers-sur-boeme.fr\/wp-content\/uploads\/2018\/04\/Michel-Evrard.png\" alt=\"\" width=\"296\" height=\"289\"><\/a><\/p>\n<p><strong>Michel<\/strong> <strong>Evrard<\/strong> est botaniste de terrain, naturaliste, \u00e9crivain-voyageur\u2026 Durant son parcours, il constate la d\u00e9gradation de la biodiversit\u00e9 en m\u00eame temps que le peu d&rsquo;int\u00e9r\u00eat qu\u2019a la soci\u00e9t\u00e9 pour elle.<br \/>\nEn 1993, il participe \u00e0 un colloque sur la biodiversit\u00e9 en danger dans les \u00eeles m\u00e9diterran\u00e9ennes et d\u00e8s lors, travaille avec de nombreux partenaires (Parc Naturel R\u00e9gional Corse, ONF, Conservatoires des esp\u00e8ces) sur la valorisation, le r\u00f4le et l&rsquo;importance d&rsquo;une relation \u00e9quilibr\u00e9e entre l&rsquo;esp\u00e8ce humaine et la Nature. A partir de 2001, il s&rsquo;installe dans le P\u00e9rigord Vert et s&rsquo;engage aupr\u00e8s du Parc Naturel R\u00e9gional P\u00e9rigord-Limousin o\u00f9 il est, en tant qu&rsquo;ethnobotaniste, pr\u00e9sident du Conseil Scientifique, pr\u00e9sident de la commission biodiversit\u00e9 et travaille avec l&rsquo;Agence R\u00e9gionale de la biodiversit\u00e9 Nouvelle Aquitaine.<\/p>\n<p><strong>\u00ab&nbsp;<\/strong><strong>La Pollinisation., un service \u00e9cologique menac\u00e9<\/strong><strong>&nbsp;\u00bb <\/strong>de Pascal Dupont<\/p>\n<p><a href=\"https:\/\/www.mouthiers-sur-boeme.fr\/wp-content\/uploads\/2018\/04\/DUPONT-Pascal.jpg\"><img loading=\"lazy\" class=\"aligncenter size-full wp-image-5250\" src=\"https:\/\/www.mouthiers-sur-boeme.fr\/wp-content\/uploads\/2018\/04\/DUPONT-Pascal.jpg\" alt=\"\" width=\"167\" height=\"238\"><\/a><\/p>\n<p>Entomologiste au Museum d\u2019Histoire naturelle de Paris, <strong>Pascal Dupont<\/strong> est un des sp\u00e9cialistes du vaste monde des insectes. Il est responsable du p\u00f4le scientifique de l\u2019Office pour les insectes et leur environnement, o\u00f9 il apporte son expertise aux territoires soucieux de diagnostiquer et pr\u00e9server leurs richesses naturelles. Auteur de chroniques (<em>Rustica, La T\u00eate au carr\u00e9 sur France Inter<\/em>), il t\u00e9moigne sur ce patrimoine parfois peu visible mais tellement important dans les \u00e9quilibres des milieux naturels. Avec la complicit\u00e9 de l\u2019astronome au CNRS, Jean Lilensten, il a \u00e9crit \u00ab&nbsp;la fourmi et le philosophe&nbsp;\u00bb un ouvrage qui d\u00e9veloppe une philosophie qui ne soit pas en contradiction avec les sciences de la nature, et en accord avec les th\u00e9ories scientifiques.<\/p>\n","protected":false},"excerpt":{"rendered":"<p>Edition 2019 Samedi 19 octobre 11h00 : \u00e0 la MJC, conf\u00e9rence \u00ab&nbsp;L\u2019eau et le papier&nbsp;\u00bb par Denis Peaucelle ancien conservateur du mus\u00e9e du papier. Pour mieux le conna\u00eetre 18h00 : salle G.Ploquin conf\u00e9rence \u00ab&nbsp;L\u2019eau, la biodiversit\u00e9 et l\u2019\u00e9rosion&nbsp;\u00bb de Beno\u00eet Sautour . Pour mieux le conna\u00eetre Toute la journ\u00e9e de 10h00 \u00e0 16h00 : Troc &hellip; <a href=\"https:\/\/www.mouthiers-sur-boeme.fr\/?page_id=5274\" class=\"more-link\">Continuer la lecture de <span class=\"screen-reader-text\">Les Conf\u00e9rences&#8230;<\/span>  <span class=\"meta-nav\">&rarr;<\/span><\/a><\/p>\n","protected":false},"author":22,"featured_media":5275,"parent":0,"menu_order":0,"comment_status":"closed","ping_status":"closed","template":"","meta":[],"_links":{"self":[{"href":"https:\/\/www.mouthiers-sur-boeme.fr\/index.php?rest_route=\/wp\/v2\/pages\/5274"}],"collection":[{"href":"https:\/\/www.mouthiers-sur-boeme.fr\/index.php?rest_route=\/wp\/v2\/pages"}],"about":[{"href":"https:\/\/www.mouthiers-sur-boeme.fr\/index.php?rest_route=\/wp\/v2\/types\/page"}],"author":[{"embeddable":true,"href":"https:\/\/www.mouthiers-sur-boeme.fr\/index.php?rest_route=\/wp\/v2\/users\/22"}],"replies":[{"embeddable":true,"href":"https:\/\/www.mouthiers-sur-boeme.fr\/index.php?rest_route=%2Fwp%2Fv2%2Fcomments&post=5274"}],"version-history":[{"count":4,"href":"https:\/\/www.mouthiers-sur-boeme.fr\/index.php?rest_route=\/wp\/v2\/pages\/5274\/revisions"}],"predecessor-version":[{"id":10102,"href":"https:\/\/www.mouthiers-sur-boeme.fr\/index.php?rest_route=\/wp\/v2\/pages\/5274\/revisions\/10102"}],"wp:featuredmedia":[{"embeddable":true,"href":"https:\/\/www.mouthiers-sur-boeme.fr\/index.php?rest_route=\/wp\/v2\/media\/5275"}],"wp:attachment":[{"href":"https:\/\/www.mouthiers-sur-boeme.fr\/index.php?rest_route=%2Fwp%2Fv2%2Fmedia&parent=5274"}],"curies":[{"name":"wp","href":"https:\/\/api.w.org\/{rel}","templated":true}]}}

Les Conférences&#8230;

<h3><span style="color: #ff0000;">Edition 2019</span></h3>
<h3>Samedi 19 octobre</h3>
<p>11h00 : à la MJC, <strong>conférence «&nbsp;L’eau et le papier&nbsp;»</strong> par Denis Peaucelle ancien conservateur du musée du papier.</p>
<p><a href="https://www.sudouest.fr/2011/10/31/une-page-se-tourne-au-musee-du-papier-540895-813.php" target="_blank" rel="noopener" data-slimstat="5">Pour mieux le connaître </a></p>
<p>18h00 : salle G.Ploquin <strong>conférence «&nbsp;L’eau, la biodiversité et l’érosion&nbsp;»</strong> de Benoît Sautour .</p>
<p><a href="https://www.francebleu.fr/emissions/l-invite-de-france-bleu-limousin-matin/limousin/l-invite-du-matin-limousin-20" target="_blank" rel="noopener" data-slimstat="5">Pour mieux le connaître</a></p>
<h3>Toute la journée de 10h00 à 16h00 :</h3>
<p>Troc aux plantes et village des exposants, animations diverses et restauration sur place.</p>
<p>Des expositions à voir à la MJC, à la gare, à la médiathèque.</p>
<p>L’atlas de la biodiversité en diaporama.</p>
<p><a href="https://www.facebook.com/search/top/?q=mouthiers%20f%C3%AAte%20la%20biodiversit%C3%A9&amp;epa=SEARCH_BOX" target="_blank" rel="noopener" data-slimstat="5">page Facebook</a></p>
<p>___________________________________________________________________</p>
<h3><span style="color: #ff0000;">Edition 2018</span></h3>
<p><strong>… Les conférences</strong></p>
<p><strong>«&nbsp;De la représentation de l&rsquo;arbre à la présence de la forêt sonore&nbsp;» </strong>de Jean Mottet</p>
<p><a href="https://www.mouthiers-sur-boeme.fr/wp-content/uploads/2018/04/Jean-Mottet.png"><img loading="lazy" class="aligncenter size-full wp-image-5252" src="https://www.mouthiers-sur-boeme.fr/wp-content/uploads/2018/04/Jean-Mottet.png" alt="" width="184" height="210"></a></p>
<p><strong>Jean Mottet</strong> est professeur émérite d&rsquo;esthétique du film à l&rsquo;université de Paris I Panthéon-Sorbonne. Il est l&rsquo;auteur, entre autres, de <em>L&rsquo;Arbre</em> <em>dans le paysage</em>. Il invite à redécouvrir la nature grâce à l&rsquo;écoute attentive de ses sons et de ses silences, en montrant que le paysage sonore peut être un indicateur de l&rsquo;état de la biodiversité. Jean Mottet est par ailleurs, propriétaire de l’arboretum expérimental de la Bonne Foussie à Sarlande en Dordogne.</p>
<p><strong>&nbsp;</strong><strong>&nbsp;«&nbsp;Un arbre tout neuf&nbsp;»</strong> de Francis Hallé</p>
<p><a href="https://www.mouthiers-sur-boeme.fr/wp-content/uploads/2018/04/Francis-Hallé.png"><img loading="lazy" class="aligncenter size-medium wp-image-5251" src="https://www.mouthiers-sur-boeme.fr/wp-content/uploads/2018/04/Francis-Hallé-300x200.png" alt="" width="300" height="200" srcset="https://www.mouthiers-sur-boeme.fr/wp-content/uploads/2018/04/Francis-Hallé-300x200.png 300w, https://www.mouthiers-sur-boeme.fr/wp-content/uploads/2018/04/Francis-Hallé.png 600w" sizes="(max-width: 300px) 100vw, 300px" /></a></p>
<p>Botaniste et biologiste, <strong>Francis Hallé</strong> est spécialiste de l’architecture des arbres et de l’écologie des forêts. Infatigable défenseur de la cause de l’arbre, et notamment des forêts primaires, il est l’auteur de nombreux ouvrages tels que <em>Plaidoyer pour l’arbre </em>&nbsp;ou <em>50 ans d’observation dans les jardins</em>, où il conjugue avec talent, connaissances et émerveillement. Il a notamment dirigé des missions scientifiques comme la célèbre expédition du « Radeau des cimes » sur les canopées des forêts tropicales.</p>
<p>Avec cette conférence, Francis Hallé présente une vision nouvelle de l&rsquo;arbre, singulière et surprenante, qui en elle-même, appelle à une modification profonde de notre relation à la nature.</p>
<p><strong>«&nbsp;</strong><strong>Rôle et importance de la biodiversité ordinaire, comment la protéger&nbsp;»</strong><strong>&nbsp; </strong>de Michel Evrard</p>
<p><a href="https://www.mouthiers-sur-boeme.fr/wp-content/uploads/2018/04/Michel-Evrard.png"><img loading="lazy" class="aligncenter size-full wp-image-5253" src="https://www.mouthiers-sur-boeme.fr/wp-content/uploads/2018/04/Michel-Evrard.png" alt="" width="296" height="289"></a></p>
<p><strong>Michel</strong> <strong>Evrard</strong> est botaniste de terrain, naturaliste, écrivain-voyageur… Durant son parcours, il constate la dégradation de la biodiversité en même temps que le peu d&rsquo;intérêt qu’a la société pour elle.<br />
En 1993, il participe à un colloque sur la biodiversité en danger dans les îles méditerranéennes et dès lors, travaille avec de nombreux partenaires (Parc Naturel Régional Corse, ONF, Conservatoires des espèces) sur la valorisation, le rôle et l&rsquo;importance d&rsquo;une relation équilibrée entre l&rsquo;espèce humaine et la Nature. A partir de 2001, il s&rsquo;installe dans le Périgord Vert et s&rsquo;engage auprès du Parc Naturel Régional Périgord-Limousin où il est, en tant qu&rsquo;ethnobotaniste, président du Conseil Scientifique, président de la commission biodiversité et travaille avec l&rsquo;Agence Régionale de la biodiversité Nouvelle Aquitaine.</p>
<p><strong>«&nbsp;</strong><strong>La Pollinisation., un service écologique menacé</strong><strong>&nbsp;» </strong>de Pascal Dupont</p>
<p><a href="https://www.mouthiers-sur-boeme.fr/wp-content/uploads/2018/04/DUPONT-Pascal.jpg"><img loading="lazy" class="aligncenter size-full wp-image-5250" src="https://www.mouthiers-sur-boeme.fr/wp-content/uploads/2018/04/DUPONT-Pascal.jpg" alt="" width="167" height="238"></a></p>
<p>Entomologiste au Museum d’Histoire naturelle de Paris, <strong>Pascal Dupont</strong> est un des spécialistes du vaste monde des insectes. Il est responsable du pôle scientifique de l’Office pour les insectes et leur environnement, où il apporte son expertise aux territoires soucieux de diagnostiquer et préserver leurs richesses naturelles. Auteur de chroniques (<em>Rustica, La Tête au carré sur France Inter</em>), il témoigne sur ce patrimoine parfois peu visible mais tellement important dans les équilibres des milieux naturels. Avec la complicité de l’astronome au CNRS, Jean Lilensten, il a écrit «&nbsp;la fourmi et le philosophe&nbsp;» un ouvrage qui développe une philosophie qui ne soit pas en contradiction avec les sciences de la nature, et en accord avec les théories scientifiques.</p>

<p>Edition 2019 Samedi 19 octobre 11h00 : à la MJC, conférence «&nbsp;L’eau et le papier&nbsp;» par Denis Peaucelle ancien conservateur du musée du papier. Pour mieux le connaître 18h00 : salle G.Ploquin conférence «&nbsp;L’eau, la biodiversité et l’érosion&nbsp;» de Benoît Sautour . Pour mieux le connaître Toute la journée de 10h00 à 16h00 : Troc &hellip; <a href="https://www.mouthiers-sur-boeme.fr/?page_id=5274" class="more-link">Continuer la lecture de <span class="screen-reader-text">Les Conférences&#8230;</span>  <span class="meta-nav">&rarr;</span></a></p>
