{"id":5277,"date":"2018-04-06T17:38:02","date_gmt":"2018-04-06T16:38:02","guid":{"rendered":"https:\/\/www.mouthiers-sur-boeme.fr\/?page_id=5277"},"modified":"2023-10-29T11:58:59","modified_gmt":"2023-10-29T10:58:59","slug":"les-spectacles","status":"publish","type":"page","link":"https:\/\/www.mouthiers-sur-boeme.fr\/?page_id=5277","title":{"rendered":"Les Spectacles&#8230;"},"content":{"rendered":"<h3><span style=\"color: #ff0000;\"><strong>Edition 2019<\/strong><\/span><\/h3>\n<h4>Jeudi<\/h4>\n<p>s\u00e9ance scolaire 13h30 &nbsp;&nbsp;&nbsp;&nbsp;&nbsp;&nbsp;&nbsp;&nbsp;&nbsp; <a href=\"http:\/\/www.allocine.fr\/film\/fichefilm_gen_cfilm=132122.html\" target=\"_blank\" rel=\"noopener\">LA CL\u00c9 DES CHAMPS&nbsp;<\/a><\/p>\n<p>20h30&nbsp; cin\u00e9 d\u00e9bat &nbsp;&nbsp;&nbsp;&nbsp;&nbsp;&nbsp;&nbsp;&nbsp; <a href=\"http:\/\/www.allocine.fr\/film\/fichefilm_gen_cfilm=191132.html\" target=\"_blank\" rel=\"noopener\">WATER,LE POUVOIR SECRET DE L&rsquo;EAU<\/a><\/p>\n<h4>Vendredi<\/h4>\n<p>\u00ab\u00a0Le chemin de l&rsquo;eau\u00a0\u00bb Cie Man d&rsquo;Appa&nbsp; (s\u00e9ance scolaire)<\/p>\n<p><a href=\"http:\/\/www.manddappa.com\/\" target=\"_blank\" rel=\"noopener\">Site de la Compagnie<\/a><\/p>\n<p>20h30 \u00e0 la MJC : <a href=\"https:\/\/www.facebook.com\/search\/posts\/?q=mouthiers%20f%C3%AAte%20la%20biodiversit%C3%A9&amp;epa=FILTERS&amp;filters=eyJycF9jcmVhdGlvbl90aW1lIjoie1wibmFtZVwiOlwiY3JlYXRpb25fdGltZVwiLFwiYXJnc1wiOlwie1xcXCJzdGFydF95ZWFyXFxcIjpcXFwiMjAxOVxcXCIsXFxcInN0YXJ0X21vbnRoXFxcIjpcXFwiMjAxOS0xXFxcIixcXFwiZW5kX3llYXJcXFwiOlxcXCIyMDE5XFxcIixcXFwiZW5kX21vbnRoXFxcIjpcXFwiMjAxOS0xMlxcXCIsXFxcInN0YXJ0X2RheVxcXCI6XFxcIjIwMTktMS0xXFxcIixcXFwiZW5kX2RheVxcXCI6XFxcIjIwMTktMTItMzFcXFwifVwifSJ9\" target=\"_blank\" rel=\"noopener\">Spectacle \u00ab\u00a0Le lavoir au fil de l&rsquo;eau\u00a0\u00bb<\/a><\/p>\n<h4>Samedi<\/h4>\n<p><strong>D\u00e9ambulation <\/strong>de Pile-Poil et Compagnie <strong>\u00ab ADOPTEZ-MOI \u00bb \u00e0 11h30<\/strong> puis<strong> \u00e0 14h30<\/strong><\/p>\n<p><a href=\"https:\/\/www.youtube.com\/watch?v=_jkJDpjzGtw\" target=\"_blank\" rel=\"noopener\">La chanson du pingouin SBF<\/a><\/p>\n<p>16h30 : salle G.Ploquin spectacle tout public ( 3 \u20ac , gratuit moins de 16 ans)<\/p>\n<p><strong>Les Rippetouts au pays de l&rsquo;or bleu<\/strong>, de&nbsp; \u00ab\u00a0Pile Poil et Cie\u00a0\u00bb<\/p>\n<p><a href=\"https:\/\/www.youtube.com\/watch?v=h5fEsHoHcao\" target=\"_blank\" rel=\"noopener\">Lien Youtube<\/a><\/p>\n<p>&nbsp;<\/p>\n<p>Cl\u00f4ture du festival avec le groupe \u00ab\u00a0les cagettes de l&rsquo;ouest\u00a0\u00bb et une sc\u00e8ne ouverte \u00e0 tous.<\/p>\n<p>&nbsp;<\/p>\n<h3><\/h3>\n<h3><span style=\"color: #ff0000;\"><strong>Edition 2018<\/strong><\/span><\/h3>\n<p><strong>\u00ab&nbsp;Du Rififi dans le&nbsp; potager&nbsp;\u00bb <\/strong>de Pile-Poil et Compagnie<a href=\"https:\/\/www.mouthiers-sur-boeme.fr\/wp-content\/uploads\/2018\/04\/phot-aff_rififi_gd.jpg\"><img loading=\"lazy\" class=\"aligncenter size-medium wp-image-5280\" src=\"https:\/\/www.mouthiers-sur-boeme.fr\/wp-content\/uploads\/2018\/04\/phot-aff_rififi_gd.jpg\" alt=\"\" width=\"250\" height=\"208\"><\/a><\/p>\n<p>Le jardin au naturel ou le d\u00e9veloppement durable c\u00f4t\u00e9 jardin. Un spectacle champ\u00eatre pour :<br \/>\n&#8211; faire d\u00e9couvrir aux jeunes g\u00e9n\u00e9rations de citadins le plaisir de vivre en harmonie avec la nature, leur faire prendre conscience de l&rsquo;impact des pesticides et autres produits chimiques sur l&rsquo;eau, la faune, notre sant\u00e9, l&rsquo;environnement, du r\u00f4le des petites b\u00eates (abeilles, coccinelles, lombrics and co&#8230;) et leurs copains vers de terre &#8230;<br \/>\n&#8211; promouvoir les solutions alternatives durables, inciter \u00e0 changer de comportement pour mieux vivre en harmonie avec dame nature.<\/p>\n<p>Bref, les aider \u00e0 adopter la \u00ab nature attitude \u00bb parole de jardinier !<br \/>\nUne rigolote le\u00e7on de \u00ab jardine-jeune-\u00e2ge \u00bb \u00e9cologique pour les bouts de chou de tous \u00e2ges.<\/p>\n<p><a href=\"http:\/\/www.pilepoilplanete.com\/rififi_pres.html\">http:\/\/www.pilepoilplanete.com\/rififi_pres.html<\/a><\/p>\n<p><strong>&nbsp;<\/strong><strong>\u00ab&nbsp;Na\u00efa&nbsp;\u00bb <\/strong>de Jean-No\u00ebl Godard<\/p>\n<p><a href=\"https:\/\/www.mouthiers-sur-boeme.fr\/wp-content\/uploads\/2018\/04\/large_naia_bandeau2-1-1479409441-1479409451.jpg\"><img loading=\"lazy\" class=\"aligncenter size-medium wp-image-5279\" src=\"https:\/\/www.mouthiers-sur-boeme.fr\/wp-content\/uploads\/2018\/04\/large_naia_bandeau2-1-1479409441-1479409451-300x182.jpg\" alt=\"\" width=\"300\" height=\"182\" srcset=\"https:\/\/www.mouthiers-sur-boeme.fr\/wp-content\/uploads\/2018\/04\/large_naia_bandeau2-1-1479409441-1479409451-300x182.jpg 300w, https:\/\/www.mouthiers-sur-boeme.fr\/wp-content\/uploads\/2018\/04\/large_naia_bandeau2-1-1479409441-1479409451.jpg 620w\" sizes=\"(max-width: 300px) 100vw, 300px\" \/><\/a>Une alchimie entre musique, chant, dessin, vid\u00e9o et lumi\u00e8re pour porter le message de Na\u00efa.<br \/>\nD\u2019apr\u00e8s le conte initiatique \u00ab Les voyages extraordinaires de Na\u00efa \u00bb de Jean-No\u00ebl Godard.<\/p>\n<p>Dur\u00e9e 1h15 &#8211; Mise en sc\u00e8ne Bertrand Antigny<\/p>\n<p><em>SAM (Samantha Ferrando)&nbsp;: chant &#8211; ZAZ&nbsp;: conteuse voix off, chanson clip Na\u00efa &#8211; Olivier Oliver&nbsp;: claviers &#8211; Alexis Charrier&nbsp;: guitares, ch\u0153urs &#8211; Mathieu Lucas&nbsp;: basse, claviers, direction musicale &#8211; Jean-No\u00ebl Godard&nbsp;: batterie, percussions, composition &#8211; Patrice Cablat&nbsp;: dessin &#8211; Laurent Penisson&nbsp;: son &#8211; William Languillat&nbsp;: lumi\u00e8res, vid\u00e9o &#8211; <\/em><em>Elie Genard&nbsp;: animation vid\u00e9o interactive &#8211; V\u00e9ronique Godard&nbsp;: tableaux lumineux&nbsp; <\/em><\/p>\n<p><strong>Teaser du spectacle Na\u00efa : <\/strong><a href=\"https:\/\/www.youtube.com\/watch?v=KoGIKhtbPwc\"><strong>https:\/\/www.youtube.com\/watch?v=KoGIKhtbPwc<\/strong><\/a><\/p>\n<p><strong>Clip de Na\u00efa interpr\u00e9t\u00e9 par ZAZ : <\/strong><a href=\"https:\/\/www.youtube.com\/watch?v=C0e-mO3n9ko\"><strong>https:\/\/www.youtube.com\/watch?v=C0e-mO3n9ko<\/strong><\/a><\/p>\n","protected":false},"excerpt":{"rendered":"<p>Edition 2019 Jeudi s\u00e9ance scolaire 13h30 &nbsp;&nbsp;&nbsp;&nbsp;&nbsp;&nbsp;&nbsp;&nbsp;&nbsp; LA CL\u00c9 DES CHAMPS&nbsp; 20h30&nbsp; cin\u00e9 d\u00e9bat &nbsp;&nbsp;&nbsp;&nbsp;&nbsp;&nbsp;&nbsp;&nbsp; WATER,LE POUVOIR SECRET DE L&rsquo;EAU Vendredi \u00ab\u00a0Le chemin de l&rsquo;eau\u00a0\u00bb Cie Man d&rsquo;Appa&nbsp; (s\u00e9ance scolaire) Site de la Compagnie 20h30 \u00e0 la MJC : Spectacle \u00ab\u00a0Le lavoir au fil de l&rsquo;eau\u00a0\u00bb Samedi D\u00e9ambulation de Pile-Poil et Compagnie \u00ab ADOPTEZ-MOI \u00bb &hellip; <a href=\"https:\/\/www.mouthiers-sur-boeme.fr\/?page_id=5277\" class=\"more-link\">Continuer la lecture de <span class=\"screen-reader-text\">Les Spectacles&#8230;<\/span>  <span class=\"meta-nav\">&rarr;<\/span><\/a><\/p>\n","protected":false},"author":22,"featured_media":5278,"parent":0,"menu_order":0,"comment_status":"closed","ping_status":"closed","template":"","meta":[],"_links":{"self":[{"href":"https:\/\/www.mouthiers-sur-boeme.fr\/index.php?rest_route=\/wp\/v2\/pages\/5277"}],"collection":[{"href":"https:\/\/www.mouthiers-sur-boeme.fr\/index.php?rest_route=\/wp\/v2\/pages"}],"about":[{"href":"https:\/\/www.mouthiers-sur-boeme.fr\/index.php?rest_route=\/wp\/v2\/types\/page"}],"author":[{"embeddable":true,"href":"https:\/\/www.mouthiers-sur-boeme.fr\/index.php?rest_route=\/wp\/v2\/users\/22"}],"replies":[{"embeddable":true,"href":"https:\/\/www.mouthiers-sur-boeme.fr\/index.php?rest_route=%2Fwp%2Fv2%2Fcomments&post=5277"}],"version-history":[{"count":7,"href":"https:\/\/www.mouthiers-sur-boeme.fr\/index.php?rest_route=\/wp\/v2\/pages\/5277\/revisions"}],"predecessor-version":[{"id":10106,"href":"https:\/\/www.mouthiers-sur-boeme.fr\/index.php?rest_route=\/wp\/v2\/pages\/5277\/revisions\/10106"}],"wp:featuredmedia":[{"embeddable":true,"href":"https:\/\/www.mouthiers-sur-boeme.fr\/index.php?rest_route=\/wp\/v2\/media\/5278"}],"wp:attachment":[{"href":"https:\/\/www.mouthiers-sur-boeme.fr\/index.php?rest_route=%2Fwp%2Fv2%2Fmedia&parent=5277"}],"curies":[{"name":"wp","href":"https:\/\/api.w.org\/{rel}","templated":true}]}}

<h3><span style="color: #ff0000;"><strong>Edition 2019</strong></span></h3>
<h4>Jeudi</h4>
<p>séance scolaire 13h30 &nbsp;&nbsp;&nbsp;&nbsp;&nbsp;&nbsp;&nbsp;&nbsp;&nbsp; <a href="http://www.allocine.fr/film/fichefilm_gen_cfilm=132122.html" target="_blank" rel="noopener">LA CLÉ DES CHAMPS&nbsp;</a></p>
<p>20h30&nbsp; ciné débat &nbsp;&nbsp;&nbsp;&nbsp;&nbsp;&nbsp;&nbsp;&nbsp; <a href="http://www.allocine.fr/film/fichefilm_gen_cfilm=191132.html" target="_blank" rel="noopener">WATER,LE POUVOIR SECRET DE L&rsquo;EAU</a></p>
<h4>Vendredi</h4>
<p>« Le chemin de l&rsquo;eau » Cie Man d&rsquo;Appa&nbsp; (séance scolaire)</p>
<p><a href="http://www.manddappa.com/" target="_blank" rel="noopener">Site de la Compagnie</a></p>
<p>20h30 à la MJC : <a href="https://www.facebook.com/search/posts/?q=mouthiers%20f%C3%AAte%20la%20biodiversit%C3%A9&amp;epa=FILTERS&amp;filters=eyJycF9jcmVhdGlvbl90aW1lIjoie1wibmFtZVwiOlwiY3JlYXRpb25fdGltZVwiLFwiYXJnc1wiOlwie1xcXCJzdGFydF95ZWFyXFxcIjpcXFwiMjAxOVxcXCIsXFxcInN0YXJ0X21vbnRoXFxcIjpcXFwiMjAxOS0xXFxcIixcXFwiZW5kX3llYXJcXFwiOlxcXCIyMDE5XFxcIixcXFwiZW5kX21vbnRoXFxcIjpcXFwiMjAxOS0xMlxcXCIsXFxcInN0YXJ0X2RheVxcXCI6XFxcIjIwMTktMS0xXFxcIixcXFwiZW5kX2RheVxcXCI6XFxcIjIwMTktMTItMzFcXFwifVwifSJ9" target="_blank" rel="noopener">Spectacle « Le lavoir au fil de l&rsquo;eau »</a></p>
<h4>Samedi</h4>
<p><strong>Déambulation </strong>de Pile-Poil et Compagnie <strong>« ADOPTEZ-MOI » à 11h30</strong> puis<strong> à 14h30</strong></p>
<p><a href="https://www.youtube.com/watch?v=_jkJDpjzGtw" target="_blank" rel="noopener">La chanson du pingouin SBF</a></p>
<p>16h30 : salle G.Ploquin spectacle tout public ( 3 € , gratuit moins de 16 ans)</p>
<p><strong>Les Rippetouts au pays de l&rsquo;or bleu</strong>, de&nbsp; « Pile Poil et Cie »</p>
<p><a href="https://www.youtube.com/watch?v=h5fEsHoHcao" target="_blank" rel="noopener">Lien Youtube</a></p>
<p>&nbsp;</p>
<p>Clôture du festival avec le groupe « les cagettes de l&rsquo;ouest » et une scène ouverte à tous.</p>
<p>&nbsp;</p>
<h3></h3>
<h3><span style="color: #ff0000;"><strong>Edition 2018</strong></span></h3>
<p><strong>«&nbsp;Du Rififi dans le&nbsp; potager&nbsp;» </strong>de Pile-Poil et Compagnie<a href="https://www.mouthiers-sur-boeme.fr/wp-content/uploads/2018/04/phot-aff_rififi_gd.jpg"><img loading="lazy" class="aligncenter size-medium wp-image-5280" src="https://www.mouthiers-sur-boeme.fr/wp-content/uploads/2018/04/phot-aff_rififi_gd.jpg" alt="" width="250" height="208"></a></p>
<p>Le jardin au naturel ou le développement durable côté jardin. Un spectacle champêtre pour :<br />
&#8211; faire découvrir aux jeunes générations de citadins le plaisir de vivre en harmonie avec la nature, leur faire prendre conscience de l&rsquo;impact des pesticides et autres produits chimiques sur l&rsquo;eau, la faune, notre santé, l&rsquo;environnement, du rôle des petites bêtes (abeilles, coccinelles, lombrics and co&#8230;) et leurs copains vers de terre &#8230;<br />
&#8211; promouvoir les solutions alternatives durables, inciter à changer de comportement pour mieux vivre en harmonie avec dame nature.</p>
<p>Bref, les aider à adopter la « nature attitude » parole de jardinier !<br />
Une rigolote leçon de « jardine-jeune-âge » écologique pour les bouts de chou de tous âges.</p>
<p><a href="http://www.pilepoilplanete.com/rififi_pres.html">http://www.pilepoilplanete.com/rififi_pres.html</a></p>
<p><strong>&nbsp;</strong><strong>«&nbsp;Naïa&nbsp;» </strong>de Jean-Noël Godard</p>
<p><a href="https://www.mouthiers-sur-boeme.fr/wp-content/uploads/2018/04/large_naia_bandeau2-1-1479409441-1479409451.jpg"><img loading="lazy" class="aligncenter size-medium wp-image-5279" src="https://www.mouthiers-sur-boeme.fr/wp-content/uploads/2018/04/large_naia_bandeau2-1-1479409441-1479409451-300x182.jpg" alt="" width="300" height="182" srcset="https://www.mouthiers-sur-boeme.fr/wp-content/uploads/2018/04/large_naia_bandeau2-1-1479409441-1479409451-300x182.jpg 300w, https://www.mouthiers-sur-boeme.fr/wp-content/uploads/2018/04/large_naia_bandeau2-1-1479409441-1479409451.jpg 620w" sizes="(max-width: 300px) 100vw, 300px" /></a>Une alchimie entre musique, chant, dessin, vidéo et lumière pour porter le message de Naïa.<br />
D’après le conte initiatique « Les voyages extraordinaires de Naïa » de Jean-Noël Godard.</p>
<p>Durée 1h15 &#8211; Mise en scène Bertrand Antigny</p>
<p><em>SAM (Samantha Ferrando)&nbsp;: chant &#8211; ZAZ&nbsp;: conteuse voix off, chanson clip Naïa &#8211; Olivier Oliver&nbsp;: claviers &#8211; Alexis Charrier&nbsp;: guitares, chœurs &#8211; Mathieu Lucas&nbsp;: basse, claviers, direction musicale &#8211; Jean-Noël Godard&nbsp;: batterie, percussions, composition &#8211; Patrice Cablat&nbsp;: dessin &#8211; Laurent Penisson&nbsp;: son &#8211; William Languillat&nbsp;: lumières, vidéo &#8211; </em><em>Elie Genard&nbsp;: animation vidéo interactive &#8211; Véronique Godard&nbsp;: tableaux lumineux&nbsp; </em></p>
<p><strong>Teaser du spectacle Naïa : </strong><a href="https://www.youtube.com/watch?v=KoGIKhtbPwc"><strong>https://www.youtube.com/watch?v=KoGIKhtbPwc</strong></a></p>
<p><strong>Clip de Naïa interprété par ZAZ : </strong><a href="https://www.youtube.com/watch?v=C0e-mO3n9ko"><strong>https://www.youtube.com/watch?v=C0e-mO3n9ko</strong></a></p>

<p>Edition 2019 Jeudi séance scolaire 13h30 &nbsp;&nbsp;&nbsp;&nbsp;&nbsp;&nbsp;&nbsp;&nbsp;&nbsp; LA CLÉ DES CHAMPS&nbsp; 20h30&nbsp; ciné débat &nbsp;&nbsp;&nbsp;&nbsp;&nbsp;&nbsp;&nbsp;&nbsp; WATER,LE POUVOIR SECRET DE L&rsquo;EAU Vendredi « Le chemin de l&rsquo;eau » Cie Man d&rsquo;Appa&nbsp; (séance scolaire) Site de la Compagnie 20h30 à la MJC : Spectacle « Le lavoir au fil de l&rsquo;eau » Samedi Déambulation de Pile-Poil et Compagnie « ADOPTEZ-MOI » &hellip; <a href="https://www.mouthiers-sur-boeme.fr/?page_id=5277" class="more-link">Continuer la lecture de <span class="screen-reader-text">Les Spectacles&#8230;</span>  <span class="meta-nav">&rarr;</span></a></p>
