{"id":6951,"date":"2019-08-21T15:18:28","date_gmt":"2019-08-21T14:18:28","guid":{"rendered":"https:\/\/www.mouthiers-sur-boeme.fr\/?page_id=6951"},"modified":"2023-10-29T11:38:53","modified_gmt":"2023-10-29T10:38:53","slug":"deliberations-2019","status":"publish","type":"page","link":"https:\/\/www.mouthiers-sur-boeme.fr\/?page_id=6951","title":{"rendered":"D\u00e9lib\u00e9rations 2019"},"content":{"rendered":"<p style=\"text-align: center;\"><strong>Janvier 2019<\/strong><\/p>\n<p><a href=\"https:\/\/www.mouthiers-sur-boeme.fr\/wp-content\/uploads\/2019\/08\/D_2019_1_1-Approbation-du-compte-rendu-de-la-s\u00e9ance-du-14-d\u00e9cembre-2018.pdf\">D_2019_1_1 Approbation du compte rendu de la s\u00e9ance du 14 d\u00e9cembre 2018<\/a><\/p>\n<p><a href=\"https:\/\/www.mouthiers-sur-boeme.fr\/wp-content\/uploads\/2019\/08\/D_2019_1_2-Autorisation-engagement-d\u00e9penses-en-section-investissement-avant-le-vote-du-budget-2019.pdf\">D_2019_1_2 Autorisation engagement d\u00e9penses en section investissement avant le vote du budget 2019<\/a><\/p>\n<p><a href=\"https:\/\/www.mouthiers-sur-boeme.fr\/wp-content\/uploads\/2019\/08\/D_2019_1_3-D\u00e9lib\u00e9ration-cadre-annuelle-pour-imputation-section-investissement-biens-meubles-inf\u00e9rieurs-\u00e0-500-\u20ac.pdf\">D_2019_1_3 D\u00e9lib\u00e9ration cadre annuelle pour imputation section investissement biens meubles inf\u00e9rieurs \u00e0 500 \u20ac<\/a><\/p>\n<p><a href=\"https:\/\/www.mouthiers-sur-boeme.fr\/wp-content\/uploads\/2019\/08\/D_2019_1_4-Vote-des-AP-CP.pdf\">D_2019_1_4 Vote des AP-CP<\/a><\/p>\n<p><a href=\"https:\/\/www.mouthiers-sur-boeme.fr\/wp-content\/uploads\/2019\/08\/D_2019_1_5-Personnel-communal-Cr\u00e9ation-de-postes-emplois-d\u00e9t\u00e9-et-accroissement-temporaire-d.pdf\">D_2019_1_5 Personnel communal &#8211; Cr\u00e9ation de postes ( emplois d&rsquo;\u00e9t\u00e9 et accroissement temporaire<\/a><\/p>\n<p><a href=\"https:\/\/www.mouthiers-sur-boeme.fr\/wp-content\/uploads\/2019\/08\/D_2019_1_5-Personnel-communal-Cr\u00e9ation-de-postes-emplois-d\u00e9t\u00e9-accroissement-temporaire-dactivit\u00e9s.pdf\">D_2019_1_5 Personnel communal &#8211; Cr\u00e9ation de postes (emplois d&rsquo;\u00e9t\u00e9, accroissement temporaire d&rsquo;activit\u00e9s)<\/a><\/p>\n<p><a href=\"https:\/\/www.mouthiers-sur-boeme.fr\/wp-content\/uploads\/2019\/08\/D_2019_1_6-Accueil-dun-stagiaire-au-sein-du-Service-Technique.pdf\">D_2019_1_6 Accueil d&rsquo;un stagiaire au sein du Service Technique<\/a><\/p>\n<p><a href=\"https:\/\/www.mouthiers-sur-boeme.fr\/wp-content\/uploads\/2019\/08\/D_2019_1_7-Avance-sur-subvention-2019-Caisse-des-Ecoles.pdf\">D_2019_1_7 Avance sur subvention 2019 &#8211; Caisse des Ecoles<\/a><\/p>\n<p><a href=\"https:\/\/www.mouthiers-sur-boeme.fr\/wp-content\/uploads\/2019\/08\/D_2019_1_8_1-Subvention-2019-Association-Carnaval-de-Mouthiers.pdf\">D_2019_1_8_1 Subvention 2019 &#8211; Association Carnaval de Mouthiers<\/a><\/p>\n<p><a href=\"https:\/\/www.mouthiers-sur-boeme.fr\/wp-content\/uploads\/2019\/08\/D_2019_1_9-Avance-sur-subvention-2019-Association-Tennis-Club-de-Mouthiers.pdf\">D_2019_1_9 Avance sur subvention 2019 &#8211; Association Tennis Club de Mouthiers<\/a><\/p>\n<p><a href=\"https:\/\/www.mouthiers-sur-boeme.fr\/wp-content\/uploads\/2019\/08\/D_2019_1_10-Proc\u00e9dures-particuli\u00e8res-dappr\u00e9hension-des-biens-pr\u00e9sum\u00e9s-sans-ma\u00eetre.pdf\">D_2019_1_10 Proc\u00e9dures particuli\u00e8res d&rsquo;appr\u00e9hension des biens pr\u00e9sum\u00e9s sans ma\u00eetre<\/a><\/p>\n<p><a href=\"https:\/\/www.mouthiers-sur-boeme.fr\/wp-content\/uploads\/2019\/08\/D_2019_1_11-Nouveaux-statuts-de-lAgglom\u00e9ration-de-GrandAngoul\u00eame.pdf\">D_2019_1_11 Nouveaux statuts de l&rsquo;Agglom\u00e9ration de GrandAngoul\u00eame<\/a><\/p>\n<p><a href=\"https:\/\/www.mouthiers-sur-boeme.fr\/wp-content\/uploads\/2019\/08\/D_2019_1_11-ANNEXE-Projets-nouveaux-statuts-de-lAgglom\u00e9ration-de-GrandAngoul\u00eame.pdf\">D_2019_1_11 ANNEXE Projets nouveaux statuts de l&rsquo;Agglom\u00e9ration de GrandAngoul\u00eame<\/a><\/p>\n<p><a href=\"https:\/\/www.mouthiers-sur-boeme.fr\/wp-content\/uploads\/2019\/08\/D_2019_1_12_1-Imputation-budg\u00e9taire-financement-travaux-alimentation-\u00e9lectrique-Les-Six-Dim\u00e9es.pdf\">D_2019_1_12_1 Imputation budg\u00e9taire financement travaux alimentation \u00e9lectrique Les Six Dim\u00e9es<\/a><\/p>\n<p style=\"text-align: center;\"><strong>F\u00e9vrier 2019<\/strong><\/p>\n<p><a href=\"https:\/\/www.mouthiers-sur-boeme.fr\/wp-content\/uploads\/2019\/08\/D_2019_2_1-Approbation-du-CR-de-la-s\u00e9ance-du-16-janvier-2019.pdf\">D_2019_2_1 Approbation du CR de la s\u00e9ance du 16 janvier 2019<\/a><\/p>\n<p><a href=\"https:\/\/www.mouthiers-sur-boeme.fr\/wp-content\/uploads\/2019\/08\/D_2019_2_2-Convention-de-mise-\u00e0-disposition-partielle-du-service-technique-communal-\u00e0-la-commune-de-Voulg\u00e9zac.pdf\">D_2019_2_2 Convention de mise \u00e0 disposition partielle du service technique communal \u00e0 la commune de Voulg\u00e9zac<\/a><\/p>\n<p><a href=\"https:\/\/www.mouthiers-sur-boeme.fr\/wp-content\/uploads\/2019\/08\/D_2019_2_3-Dossier-dinscription-pour-le-Multi-Accueil-Familial-Les-Ptits-Loups.pdf\">D_2019_2_3 Dossier d&rsquo;inscription pour le Multi-Accueil Familial Les P&rsquo;tits Loups<\/a><\/p>\n<p><a href=\"https:\/\/www.mouthiers-sur-boeme.fr\/wp-content\/uploads\/2019\/08\/D_2019_2_4-Participation-de-la-commune-aux-entr\u00e9es-cin\u00e9ma-2018-MJC.pdf\">D_2019_2_4 Participation de la commune aux entr\u00e9es cin\u00e9ma 2018 &#8211; MJC<\/a><\/p>\n<p><a href=\"https:\/\/www.mouthiers-sur-boeme.fr\/wp-content\/uploads\/2019\/08\/D_2019_2_5-Adh\u00e9sion-au-groupement-de-commandes-de-prestations-externalis\u00e9es-darchivages-GrandAngoul\u00eame.pdf\">D_2019_2_5 Adh\u00e9sion au groupement de commandes de prestations externalis\u00e9es d&rsquo;archivages &#8211; GrandAngoul\u00eame<\/a><\/p>\n<p><a href=\"https:\/\/www.mouthiers-sur-boeme.fr\/wp-content\/uploads\/2019\/08\/D_2019_2_6-Mise-en-place-dun-fonctionnement-diff\u00e9renci\u00e9-entre-l\u00e9clairage-de-lEHPAD-et-le-reste-du-bourg-SDEG16.pdf\">D_2019_2_6 Mise en place d&rsquo;un fonctionnement diff\u00e9renci\u00e9 entre l&rsquo;\u00e9clairage de l&rsquo;EHPAD et le reste du bourg &#8211; SDEG16<\/a><\/p>\n<p style=\"text-align: center;\"><strong>Mars 2019<\/strong><\/p>\n<p><a href=\"https:\/\/www.mouthiers-sur-boeme.fr\/wp-content\/uploads\/2019\/08\/D_2019_3_1-Approbation-du-CR-de-la-s\u00e9ance-du-8-f\u00e9vrier-2019.pdf\">D_2019_3_1 Approbation du CR de la s\u00e9ance du 8 f\u00e9vrier 2019<\/a><\/p>\n<p><a href=\"https:\/\/www.mouthiers-sur-boeme.fr\/wp-content\/uploads\/2019\/08\/D_2019_3_2-Plan-de-financement-du-projet-dam\u00e9nagement-de-la-gare.pdf\">D_2019_3_2 Plan de financement du projet d&rsquo;am\u00e9nagement de la gare<\/a><\/p>\n<p><a href=\"https:\/\/www.mouthiers-sur-boeme.fr\/wp-content\/uploads\/2019\/08\/D_2019_3_3-Programme-de-voirie-sollicitation-du-FDAC-2019.pdf\">D_2019_3_3 Programme de voirie &#8211; sollicitation du FDAC 2019<\/a><\/p>\n<p><a href=\"https:\/\/www.mouthiers-sur-boeme.fr\/wp-content\/uploads\/2019\/08\/D_2019_3_4-Demande-de-financement-2\u00e8me-\u00e9dition-Mouthiers-f\u00eate-la-biodiversit\u00e9.pdf\">D_2019_3_4 Demande de financement 2\u00e8me \u00e9dition Mouthiers f\u00eate la biodiversit\u00e9<\/a><\/p>\n<p><a href=\"https:\/\/www.mouthiers-sur-boeme.fr\/wp-content\/uploads\/2019\/08\/D_2019_3_5-Subvention-anticip\u00e9e-2019-Les-Rapids-de-la-Bo\u00ebme.pdf\">D_2019_3_5 Subvention anticip\u00e9e 2019 &#8211; Les Rapid&rsquo;s de la Bo\u00ebme<\/a><\/p>\n<p><a href=\"https:\/\/www.mouthiers-sur-boeme.fr\/wp-content\/uploads\/2019\/08\/D_2019_3_6-Campagne-de-st\u00e9rilisation-chats-errants-2019-Fondation-30-millions-damis.pdf\">D_2019_3_6 Campagne de st\u00e9rilisation chats errants 2019 &#8211; Fondation 30 millions d&rsquo;amis<\/a><\/p>\n<p><a href=\"https:\/\/www.mouthiers-sur-boeme.fr\/wp-content\/uploads\/2019\/08\/D_2019_3_7-Admission-en-non-valeurs-Budget-Principal-2019.pdf\">D_2019_3_7 Admission en non-valeurs &#8211; Budget Principal 2019<\/a><\/p>\n<p><a href=\"https:\/\/www.mouthiers-sur-boeme.fr\/wp-content\/uploads\/2019\/08\/D_2019_3_8-Renouvellement-agr\u00e9ment-dispositif-service-civique.pdf\">D_2019_3_8 Renouvellement agr\u00e9ment dispositif service civique<\/a><\/p>\n<p><a href=\"https:\/\/www.mouthiers-sur-boeme.fr\/wp-content\/uploads\/2019\/08\/D_2019_3_9-Sch\u00e9ma-de-Mutualisation-des-Services-GrandAngoul\u00eame.pdf\">D_2019_3_9 Sch\u00e9ma de Mutualisation des Services &#8211; <\/a><a href=\"https:\/\/www.mouthiers-sur-boeme.fr\/wp-content\/uploads\/2019\/08\/D_2019_3_9-Sch\u00e9ma-de-Mutualisation-des-Services-GrandAngoul\u00eame.pdf\">GrandAngoul\u00eame<\/a><\/p>\n<p><a href=\"https:\/\/www.mouthiers-sur-boeme.fr\/wp-content\/uploads\/2019\/08\/D_2019_3_10-Multi-Accueil-Familial-Demande-de-subvention-au-titre-du-DSIL-2019.pdf\">D_2019_3_10 Multi-Accueil Familial &#8211; Demande de subvention au titre du DSIL 2019<\/a><\/p>\n<p style=\"text-align: center;\"><strong>Avril 2019<\/strong><\/p>\n<p><a href=\"https:\/\/www.mouthiers-sur-boeme.fr\/wp-content\/uploads\/2019\/08\/D_2019_4_1-Approbation-du-compte-rendu-de-la-s\u00e9ance-du-8-mars-2019.pdf\">D_2019_4_1 Approbation du compte-rendu de la s\u00e9ance du 8 mars <\/a><\/p>\n<p><a href=\"https:\/\/www.mouthiers-sur-boeme.fr\/wp-content\/uploads\/2019\/08\/D_2019_4_1-Approbation-du-compte-rendu-de-la-s\u00e9ance-du-8-mars-2019.pdf\">2019<\/a> <a href=\"https:\/\/www.mouthiers-sur-boeme.fr\/wp-content\/uploads\/2019\/08\/D_2019_4_2-Approbation-du-compte-de-gestion-2018-Commune.pdf\">D_2019_4_2 Approbation du compte de gestion 2018 &#8211; Commune<\/a><\/p>\n<p><a href=\"https:\/\/www.mouthiers-sur-boeme.fr\/wp-content\/uploads\/2019\/08\/D_2019_4_3-Compte-administratif-2018-Commune.pdf\">D_2019_4_3 Compte administratif 2018 &#8211; Commune<\/a><\/p>\n<p><a href=\"https:\/\/www.mouthiers-sur-boeme.fr\/wp-content\/uploads\/2019\/08\/D_2019_4_4-Affectation-de-r\u00e9sultats-dexploitation-2018-Commune.pdf\">D_2019_4_4 Affectation de r\u00e9sultats d&rsquo;exploitation 2018 &#8211; Commune<\/a><\/p>\n<p><a href=\"https:\/\/www.mouthiers-sur-boeme.fr\/wp-content\/uploads\/2019\/08\/D_2019_4_5-Approbation-du-compte-de-gestion-2018-R\u00e9gie-de-transport.pdf\">D_2019_4_5 Approbation du compte de gestion 2018 &#8211; R\u00e9gie de transport<\/a><\/p>\n<p><a href=\"https:\/\/www.mouthiers-sur-boeme.fr\/wp-content\/uploads\/2019\/08\/D_2019_4_6-Compte-administratif-2018-R\u00e9gie-de-transport.pdf\">D_2019_4_6 Compte administratif 2018 &#8211; R\u00e9gie de transport<\/a><\/p>\n<p><a href=\"https:\/\/www.mouthiers-sur-boeme.fr\/wp-content\/uploads\/2019\/08\/D_2019_4_7-Affectation-de-r\u00e9sultats-dexploitation-2018-R\u00e9gie-de-transport.pdf\">D_2019_4_7 Affectation de r\u00e9sultats d&rsquo;exploitation 2018 &#8211; R\u00e9gie de transport<\/a><\/p>\n<p><a href=\"https:\/\/www.mouthiers-sur-boeme.fr\/wp-content\/uploads\/2019\/08\/D_2019_4_8-Approbation-du-compte-de-gestion-2018-Photovolta\u00efque.pdf\">D_2019_4_8 Approbation du compte de gestion 2018 &#8211; Photovolta\u00efque<\/a><\/p>\n<p><a href=\"https:\/\/www.mouthiers-sur-boeme.fr\/wp-content\/uploads\/2019\/08\/D_2019_4_9-Compte-administratif-2018-Photovolta\u00efque.pdf\">D_2019_4_9 Compte administratif 2018 &#8211; Photovolta\u00efque<\/a><\/p>\n<p><a href=\"https:\/\/www.mouthiers-sur-boeme.fr\/wp-content\/uploads\/2019\/08\/D_2019_4_10-Affectation-de-r\u00e9sultats-dexploitation-2018-Photovolta\u00efque.pdf\">D_2019_4_10 Affectation de r\u00e9sultats d&rsquo;exploitation 2018 &#8211; Photovolta\u00efque<\/a><\/p>\n<p><a href=\"https:\/\/www.mouthiers-sur-boeme.fr\/wp-content\/uploads\/2019\/08\/D_2019_4_11-Budget-Primitif-2019-Commune.pdf\">D_2019_4_11 Budget Primitif 2019 &#8211; Commune<\/a><\/p>\n<p><a href=\"https:\/\/www.mouthiers-sur-boeme.fr\/wp-content\/uploads\/2019\/08\/D_2019_4_12-Vote-des-taux-des-taxes-locales-2019-Commune.pdf\">D_2019_4_12 Vote des taux des taxes locales 2019 &#8211; Commune<\/a><\/p>\n<p><a href=\"https:\/\/www.mouthiers-sur-boeme.fr\/wp-content\/uploads\/2019\/08\/D_2019_4_13-Budget-Primitif-2019-R\u00e9gie-de-transport.pdf\">D_2019_4_13 Budget Primitif 2019 &#8211; R\u00e9gie de transport<\/a><\/p>\n<p><a href=\"https:\/\/www.mouthiers-sur-boeme.fr\/wp-content\/uploads\/2019\/08\/D_2019_4_14-Budget-Primitif-2019-Photovolta\u00efque.pdf\">D_2019_4_14 Budget Primitif 2019 &#8211; Photovolta\u00efque<\/a><\/p>\n<p><a href=\"https:\/\/www.mouthiers-sur-boeme.fr\/wp-content\/uploads\/2019\/08\/D_2019_4_15-Budget-Primitif-2019-Logements-locatifs.pdf\">D_2019_4_15 Budget Primitif 2019 &#8211; Logements locatifs<\/a><\/p>\n<p><a href=\"https:\/\/www.mouthiers-sur-boeme.fr\/wp-content\/uploads\/2019\/08\/D_2019_4_16-Participation-de-la-commune-\u00e0-des-organismes-publics-2019.pdf\">D_2019_4_16 Participation de la commune \u00e0 des organismes publics 2019<\/a><\/p>\n<p><a href=\"https:\/\/www.mouthiers-sur-boeme.fr\/wp-content\/uploads\/2019\/08\/D_2019_4_17-Subventions-communales-aux-associations-2019.pdf\">D_2019_4_17 Subventions communales aux associations 2019<\/a><\/p>\n<p style=\"text-align: center;\"><strong>Mai 2019<\/strong><\/p>\n<p><a href=\"https:\/\/www.mouthiers-sur-boeme.fr\/wp-content\/uploads\/2019\/08\/D_2019_5_1-Approbation-du-Compte-rendu-de-la-s\u00e9ance-du-5-avril-2019.pdf\">D_2019_5_1 Approbation du Compte-rendu de la s\u00e9ance du 5 avril 2019<\/a><\/p>\n<p><a href=\"https:\/\/www.mouthiers-sur-boeme.fr\/wp-content\/uploads\/2019\/08\/D_2019_5_2-D\u00e9bat-sur-les-orientations-g\u00e9n\u00e9rales-du-RLPi-de-GrandAngoul\u00eame.pdf\">D_2019_5_2 D\u00e9bat sur les orientations g\u00e9n\u00e9rales du RLPi de GrandAngoul\u00eame<\/a><\/p>\n<p><a href=\"https:\/\/www.mouthiers-sur-boeme.fr\/wp-content\/uploads\/2019\/08\/D_2019_5_3-Cr\u00e9ation-de-poste-suite-\u00e0-avancement-de-grade.pdf\">D_2019_5_3 Cr\u00e9ation de poste suite \u00e0 avancement de grade<\/a><\/p>\n<p><a href=\"https:\/\/www.mouthiers-sur-boeme.fr\/wp-content\/uploads\/2019\/08\/D_2019_5_4-R\u00e9vision-de-lagr\u00e9ment-du-multi-accueil-familial-2019.pdf\">D_2019_5_4 R\u00e9vision de l&rsquo;agr\u00e9ment du multi-accueil familial 2019<\/a><\/p>\n<p><a href=\"https:\/\/www.mouthiers-sur-boeme.fr\/wp-content\/uploads\/2019\/08\/D_2019_5_5-Convention-dadh\u00e9sion-au-service-de-paiement-en-ligne-des-recettes-publiques-locales-DGFiP.pdf\">D_2019_5_5 Convention d&rsquo;adh\u00e9sion au service de paiement en ligne des recettes publiques locales &#8211; DGFiP<\/a><\/p>\n<p><a href=\"https:\/\/www.mouthiers-sur-boeme.fr\/wp-content\/uploads\/2019\/08\/D_2019_5_6-Convention-dobjectifs-pluriannuelle-2019-2022-Effervescentre.pdf\">D_2019_5_6 Convention d&rsquo;objectifs pluriannuelle 2019-2022 &#8211; Effervescentre<\/a><\/p>\n<p><a href=\"https:\/\/www.mouthiers-sur-boeme.fr\/wp-content\/uploads\/2019\/08\/D_2019_5_7-Travaux-dinfrastructures-de-recharge-pour-v\u00e9hicules-\u00e9lectriques-SDEG16.pdf\">D_2019_5_7 Travaux d&rsquo;infrastructures de recharge pour v\u00e9hicules \u00e9lectriques &#8211; SDEG16<\/a><\/p>\n<p><a href=\"https:\/\/www.mouthiers-sur-boeme.fr\/wp-content\/uploads\/2019\/08\/D_2019_5_8-Indemnit\u00e9s-2019-pour-le-gardiennage-de-l\u00e9glise-communale.pdf\">D_2019_5_8 Indemnit\u00e9s 2019 pour le gardiennage de l&rsquo;\u00e9glise communale<\/a><\/p>\n<p><a href=\"https:\/\/www.mouthiers-sur-boeme.fr\/wp-content\/uploads\/2019\/08\/D_2019_5_9-Modification-des-statuts-du-Syndicat-Mixte-de-la-Fourri\u00e8re-Animale-de-la-Charente.pdf\">D_2019_5_9 Modification des statuts du Syndicat Mixte de la Fourri\u00e8re Animale de la Charente<\/a><\/p>\n<p><a href=\"https:\/\/www.mouthiers-sur-boeme.fr\/wp-content\/uploads\/2019\/08\/D_2019_5_10-Demandes-de-subvention-2019.pdf\">D_2019_5_10 Demandes de subvention 2019<\/a><\/p>\n<p><a href=\"https:\/\/www.mouthiers-sur-boeme.fr\/wp-content\/uploads\/2019\/08\/D_2019_5_11-Fonds-de-solidarit\u00e9s-des-collectivit\u00e9s-territoriales-fran\u00e7aises-pour-le-Mozambique-Cit\u00e9s-Unies-france.pdf\">D_2019_5_11 Fonds de solidarit\u00e9s des collectivit\u00e9s territoriales fran\u00e7aises pour le Mozambique &#8211; Cit\u00e9s Unies france<\/a><\/p>\n<p><a href=\"https:\/\/www.mouthiers-sur-boeme.fr\/wp-content\/uploads\/2019\/08\/D_2019_5_12-D\u00e9cision-Modificative-n\u00b01-Budget-Principal-2019.pdf\">D_2019_5_12 D\u00e9cision Modificative n\u00b01 &#8211; Budget Principal 2019<\/a><\/p>\n<p style=\"text-align: center;\"><strong>Juillet 2019<\/strong><\/p>\n<p><a href=\"https:\/\/www.mouthiers-sur-boeme.fr\/wp-content\/uploads\/2019\/08\/D_2019_6_1-Approbation-CR-s\u00e9ance-CM-10-mai-2019.pdf\">D_2019_6_1 Approbation CR s\u00e9ance CM 10 mai 2019<\/a><\/p>\n<p><a href=\"https:\/\/www.mouthiers-sur-boeme.fr\/wp-content\/uploads\/2019\/08\/D_2019_6_2-ANNEXE-Classement-site-La-Font-des-Quatre-Francs-en-ENS.pdf\">D_2019_6_2 ANNEXE Classement site La Font des Quatre Francs en ENS<\/a><\/p>\n<p><a href=\"https:\/\/www.mouthiers-sur-boeme.fr\/wp-content\/uploads\/2019\/08\/D_2019_6_2-Classement-site-La-Font-des-Quatre-Francs-en-ENS.pdf\">D_2019_6_2 Classement site La Font des Quatre Francs en ENS<\/a><\/p>\n<p><a href=\"https:\/\/www.mouthiers-sur-boeme.fr\/wp-content\/uploads\/2019\/08\/D_2019_6_3-Contrat-de-fourniture-de-chaleur-immeuble-55-rue-de-la-Bo\u00ebme-SA-DALKIA.pdf\">D_2019_6_3 Contrat de fourniture de chaleur immeuble 55 rue de la Bo\u00ebme &#8211; SA DALKIA<\/a><\/p>\n<p><a href=\"https:\/\/www.mouthiers-sur-boeme.fr\/wp-content\/uploads\/2019\/08\/D_2019_6_4-Convention-de-fonds-de-concours-travaux-toiture-EHPAD-de-la-Bo\u00ebme-CCAS.pdf\">D_2019_6_4 Convention de fonds de concours travaux toiture EHPAD de la Bo\u00ebme &#8211; CCAS<\/a><\/p>\n<p><a href=\"https:\/\/www.mouthiers-sur-boeme.fr\/wp-content\/uploads\/2019\/08\/D_2019_6_5-Travaux-d\u00e9clairage-public-Mise-en-lumi\u00e8re-provisoire-manifestations-estivales-2019-SDEG16.pdf\">D_2019_6_5 Travaux d&rsquo;\u00e9clairage public &#8211; Mise en lumi\u00e8re provisoire manifestations estivales 2019 &#8211; SDEG16<\/a><\/p>\n<p><a href=\"https:\/\/www.mouthiers-sur-boeme.fr\/wp-content\/uploads\/2019\/08\/D_2019_6_6-Travaux-d\u00e9clairage-public-Rue-des-sablons-Convention-pour-le-versement-fonds-de-concours-SDEG16.pdf\">D_2019_6_6 Travaux d&rsquo;\u00e9clairage public Rue des sablons &#8211; Convention pour le versement fonds de concours &#8211; SDEG16<\/a><\/p>\n<p><a href=\"https:\/\/www.mouthiers-sur-boeme.fr\/wp-content\/uploads\/2019\/08\/D_2019_6_7-Convention-de-mutualisation-du-broyeur-de-v\u00e9g\u00e9taux.pdf\">D_2019_6_7 Convention de mutualisation du broyeur de v\u00e9g\u00e9taux<\/a><\/p>\n<p><a href=\"https:\/\/www.mouthiers-sur-boeme.fr\/wp-content\/uploads\/2019\/08\/D_2019_6_8-Convention-relative-\u00e0-lentretien-et-la-r\u00e9paration-des-appareils-de-lutte-contre-incendie.pdf\">D_2019_6_8 Convention relative \u00e0 l&rsquo;entretien et la r\u00e9paration des appareils de lutte contre incendie<\/a><\/p>\n<p><a href=\"https:\/\/www.mouthiers-sur-boeme.fr\/wp-content\/uploads\/2019\/08\/D_2019_6_9-Convention-de-mise-\u00e0-disposition-du-service-technique-ZE-Les-Rentes-GrandAngoul\u00eame.pdf\">D_2019_6_9 Convention de mise \u00e0 disposition du service technique ZE Les Rentes &#8211; GrandAngoul\u00eame<\/a><\/p>\n<p><a href=\"https:\/\/www.mouthiers-sur-boeme.fr\/wp-content\/uploads\/2019\/08\/D_2019_6_10-Convention-de-partenariat-dispositif-\u00ab-Les-Soirs-bleus-\u00bb-2019-GrandAngoul\u00eame.pdf\">D_2019_6_10 Convention de partenariat dispositif \u00ab Les Soirs bleus \u00bb 2019 &#8211; GrandAngoul\u00eame<\/a><\/p>\n<p><a href=\"https:\/\/www.mouthiers-sur-boeme.fr\/wp-content\/uploads\/2019\/08\/D_2019_6_11-R\u00e9partition-des-charges-de-fonctionnement-\u00e9coles-publiques-2018.2019-Ville-d\u2019Angoul\u00eame.pdf\">D_2019_6_11 R\u00e9partition des charges de fonctionnement \u00e9coles publiques 2018.2019 &#8211; Ville d\u2019Angoul\u00eame<\/a><\/p>\n<p><a href=\"https:\/\/www.mouthiers-sur-boeme.fr\/wp-content\/uploads\/2019\/08\/D_2019_6_12-Redevance-d\u2019occupation-du-domaine-public-2019-GrDF.pdf\">D_2019_6_12 Redevance d\u2019occupation du domaine public 2019 &#8211; GrDF<\/a><\/p>\n<p><a href=\"https:\/\/www.mouthiers-sur-boeme.fr\/wp-content\/uploads\/2019\/08\/D_2019_6_13-D\u00e9cision-Modificative-n\u00b0-1-Budget-Annexe-\u00ab-Logements-communaux-\u00bb.pdf\">D_2019_6_13 D\u00e9cision Modificative n\u00b0 1 &#8211; Budget Annexe \u00ab Logements communaux \u00bb<\/a><\/p>\n<p><a href=\"https:\/\/www.mouthiers-sur-boeme.fr\/wp-content\/uploads\/2019\/08\/D_2019_7_1-Approbation-du-compte-rendu-de-la-s\u00e9ance-du-14-juin-2019.pdf\">D_2019_7_1 Approbation du compte-rendu de la s\u00e9ance du 14 juin 2019<\/a><\/p>\n<p><a href=\"https:\/\/www.mouthiers-sur-boeme.fr\/wp-content\/uploads\/2019\/08\/D_2019_7_2-Adh\u00e9sion-\u00e0-l\u2019ATD16-Nouveau-bar\u00e8me.pdf\">D_2019_7_2 Adh\u00e9sion \u00e0 l\u2019ATD16 &#8211; Nouveau bar\u00e8me<\/a><\/p>\n<p><a href=\"https:\/\/www.mouthiers-sur-boeme.fr\/wp-content\/uploads\/2019\/08\/D_2019_7_3-Tarifs-transport-scolaire-2019-2020.pdf\">D_2019_7_3 Tarifs transport scolaire 2019-2020<\/a><\/p>\n<p><a href=\"https:\/\/www.mouthiers-sur-boeme.fr\/wp-content\/uploads\/2019\/08\/D_2019_7_4-Demande-de-financements-festival-Mouthiers-f\u00eate-la-biodiversit\u00e9-2019.pdf\">D_2019_7_4 Demande de financements festival Mouthiers f\u00eate la biodiversit\u00e9 2019<\/a><\/p>\n<p><a href=\"https:\/\/www.mouthiers-sur-boeme.fr\/wp-content\/uploads\/2019\/08\/D_2019_7_5-Modification-des-modalit\u00e9s-pour-le-Compte-Epargne-Temps.pdf\">D_2019_7_5 Modification des modalit\u00e9s pour le Compte Epargne Temps<\/a><\/p>\n<p><a href=\"https:\/\/www.mouthiers-sur-boeme.fr\/wp-content\/uploads\/2019\/08\/D_2019_7_6-Mise-en-place-PEDT-Commune-Grand-Angoul\u00eame.pdf\">D_2019_7_6 Mise en place PEDT Commune &#8211; Grand Angoul\u00eame<\/a><\/p>\n","protected":false},"excerpt":{"rendered":"<p>Janvier 2019 D_2019_1_1 Approbation du compte rendu de la s\u00e9ance du 14 d\u00e9cembre 2018 D_2019_1_2 Autorisation engagement d\u00e9penses en section investissement avant le vote du budget 2019 D_2019_1_3 D\u00e9lib\u00e9ration cadre annuelle pour imputation section investissement biens meubles inf\u00e9rieurs \u00e0 500 \u20ac D_2019_1_4 Vote des AP-CP D_2019_1_5 Personnel communal &#8211; Cr\u00e9ation de postes ( emplois d&rsquo;\u00e9t\u00e9 &hellip; <a href=\"https:\/\/www.mouthiers-sur-boeme.fr\/?page_id=6951\" class=\"more-link\">Continuer la lecture de <span class=\"screen-reader-text\">D\u00e9lib\u00e9rations 2019<\/span>  <span class=\"meta-nav\">&rarr;<\/span><\/a><\/p>\n","protected":false},"author":22,"featured_media":0,"parent":0,"menu_order":0,"comment_status":"closed","ping_status":"closed","template":"","meta":[],"_links":{"self":[{"href":"https:\/\/www.mouthiers-sur-boeme.fr\/index.php?rest_route=\/wp\/v2\/pages\/6951"}],"collection":[{"href":"https:\/\/www.mouthiers-sur-boeme.fr\/index.php?rest_route=\/wp\/v2\/pages"}],"about":[{"href":"https:\/\/www.mouthiers-sur-boeme.fr\/index.php?rest_route=\/wp\/v2\/types\/page"}],"author":[{"embeddable":true,"href":"https:\/\/www.mouthiers-sur-boeme.fr\/index.php?rest_route=\/wp\/v2\/users\/22"}],"replies":[{"embeddable":true,"href":"https:\/\/www.mouthiers-sur-boeme.fr\/index.php?rest_route=%2Fwp%2Fv2%2Fcomments&post=6951"}],"version-history":[{"count":5,"href":"https:\/\/www.mouthiers-sur-boeme.fr\/index.php?rest_route=\/wp\/v2\/pages\/6951\/revisions"}],"predecessor-version":[{"id":7068,"href":"https:\/\/www.mouthiers-sur-boeme.fr\/index.php?rest_route=\/wp\/v2\/pages\/6951\/revisions\/7068"}],"wp:attachment":[{"href":"https:\/\/www.mouthiers-sur-boeme.fr\/index.php?rest_route=%2Fwp%2Fv2%2Fmedia&parent=6951"}],"curies":[{"name":"wp","href":"https:\/\/api.w.org\/{rel}","templated":true}]}}